Last updated on 2025-11-04 11:52:32 CET.
| Flavor | Version | Tinstall | Tcheck | Ttotal | Status | Flags | 
|---|---|---|---|---|---|---|
| r-devel-linux-x86_64-debian-clang | 1.4 | 3.17 | 27.55 | 30.72 | NOTE | |
| r-devel-linux-x86_64-debian-gcc | 1.4 | 2.17 | 21.96 | 24.13 | NOTE | |
| r-devel-linux-x86_64-fedora-clang | 1.4 | 15.00 | 33.77 | 48.77 | OK | |
| r-devel-linux-x86_64-fedora-gcc | 1.4 | 41.98 | OK | |||
| r-devel-windows-x86_64 | 1.4 | 5.00 | 44.00 | 49.00 | OK | |
| r-patched-linux-x86_64 | 1.4 | 2.54 | 26.39 | 28.93 | OK | |
| r-release-linux-x86_64 | 1.4 | 2.45 | 26.25 | 28.70 | OK | |
| r-release-macos-arm64 | 1.4 | 2.00 | 20.00 | 22.00 | OK | |
| r-release-macos-x86_64 | 1.4 | 3.00 | 26.00 | 29.00 | OK | |
| r-release-windows-x86_64 | 1.4 | 4.00 | 42.00 | 46.00 | OK | |
| r-oldrel-macos-arm64 | 1.4 | 2.00 | 16.00 | 18.00 | NOTE | |
| r-oldrel-macos-x86_64 | 1.4 | 2.00 | 24.00 | 26.00 | NOTE | |
| r-oldrel-windows-x86_64 | 1.4 | 5.00 | 51.00 | 56.00 | NOTE | 
Version: 1.4
Check: CRAN incoming feasibility
Result: NOTE
  Maintainer: ‘Cristian Yones <cyones@sinc.unl.edu.ar>’
  
  No Authors@R field in DESCRIPTION.
  Please add one, modifying
    Authors@R: person(given = "Cristian",
                      family = "Yones",
                      role = c("aut", "cre"),
                      email = "cyones@sinc.unl.edu.ar")
  as necessary.
Flavors: r-devel-linux-x86_64-debian-clang, r-devel-linux-x86_64-debian-gcc
Version: 1.4
Check: LazyData
Result: NOTE
    'LazyData' is specified without a 'data' directory
Flavors: r-oldrel-macos-arm64, r-oldrel-macos-x86_64, r-oldrel-windows-x86_64