Last updated on 2025-02-21 17:50:43 CET.
Flavor | Version | Tinstall | Tcheck | Ttotal | Status | Flags |
---|---|---|---|---|---|---|
r-devel-linux-x86_64-debian-clang | 0.4-4 | 61.75 | 71.85 | 133.60 | NOTE | --no-vignettes |
r-devel-linux-x86_64-debian-gcc | 0.4-4 | 41.39 | 51.12 | 92.51 | NOTE | --no-vignettes |
r-devel-linux-x86_64-fedora-clang | 0.4-4 | 699.89 | NOTE | |||
r-devel-linux-x86_64-fedora-gcc | 0.4-4 | 1236.75 | NOTE | |||
r-devel-macos-arm64 | 0.4-4 | 162.00 | NOTE | |||
r-devel-macos-x86_64 | 0.4-4 | 328.00 | NOTE | |||
r-devel-windows-x86_64 | 0.4-4 | 64.00 | 337.00 | 401.00 | NOTE | |
r-patched-linux-x86_64 | 0.4-4 | 57.32 | 67.84 | 125.16 | NOTE | --no-vignettes |
r-release-linux-x86_64 | 0.4-4 | 62.34 | 67.74 | 130.08 | NOTE | --no-vignettes |
r-release-macos-arm64 | 0.4-4 | 115.00 | NOTE | |||
r-release-macos-x86_64 | 0.4-4 | 162.00 | NOTE | |||
r-release-windows-x86_64 | 0.4-4 | 65.00 | 338.00 | 403.00 | NOTE | |
r-oldrel-macos-arm64 | 0.4-4 | 141.00 | NOTE | |||
r-oldrel-macos-x86_64 | 0.4-4 | 223.00 | NOTE | |||
r-oldrel-windows-x86_64 | 0.4-4 | 77.00 | 367.00 | 444.00 | NOTE |
Version: 0.4-4
Flags: --no-vignettes
Check: C++ specification
Result: NOTE
Specified C++11: please drop specification unless essential
Flavors: r-devel-linux-x86_64-debian-clang, r-devel-linux-x86_64-debian-gcc, r-patched-linux-x86_64, r-release-linux-x86_64
Version: 0.4-4
Check: C++ specification
Result: NOTE
Specified C++11: please drop specification unless essential
Flavors: r-devel-linux-x86_64-fedora-clang, r-devel-linux-x86_64-fedora-gcc, r-devel-macos-arm64, r-devel-macos-x86_64, r-devel-windows-x86_64, r-release-macos-arm64, r-release-macos-x86_64, r-release-windows-x86_64, r-oldrel-macos-arm64, r-oldrel-macos-x86_64, r-oldrel-windows-x86_64
Version: 0.4-4
Check: installed package size
Result: NOTE
installed size is 5.8Mb
sub-directories of 1Mb or more:
doc 1.1Mb
libs 3.5Mb
Flavors: r-release-macos-arm64, r-release-macos-x86_64, r-oldrel-macos-arm64, r-oldrel-macos-x86_64