Last updated on 2025-11-04 13:50:16 CET.
| Flavor | Version | Tinstall | Tcheck | Ttotal | Status | Flags |
|---|---|---|---|---|---|---|
| r-devel-linux-x86_64-debian-clang | 1.2 | 19.76 | 151.41 | 171.17 | OK | |
| r-devel-linux-x86_64-debian-gcc | 1.2 | 13.84 | 106.85 | 120.69 | OK | |
| r-devel-linux-x86_64-fedora-clang | 1.2 | 89.00 | 183.01 | 272.01 | OK | |
| r-devel-linux-x86_64-fedora-gcc | 1.2 | 40.00 | 215.64 | 255.64 | OK | |
| r-devel-windows-x86_64 | 1.2 | 19.00 | 140.00 | 159.00 | OK | |
| r-patched-linux-x86_64 | 1.2 | 20.40 | 141.40 | 161.80 | OK | |
| r-release-linux-x86_64 | 1.2 | 18.53 | 143.41 | 161.94 | OK | |
| r-release-macos-arm64 | 1.2 | 9.00 | 63.00 | 72.00 | OK | |
| r-release-macos-x86_64 | 1.2 | 40.00 | 228.00 | 268.00 | OK | |
| r-release-windows-x86_64 | 1.2 | 4.00 | 5.00 | 9.00 | ERROR | |
| r-oldrel-macos-arm64 | 1.2 | 9.00 | 65.00 | 74.00 | OK | |
| r-oldrel-macos-x86_64 | 1.2 | 34.00 | 124.00 | 158.00 | OK | |
| r-oldrel-windows-x86_64 | 1.2 | 27.00 | 182.00 | 209.00 | OK |
Version: 1.2
Check: whether package can be installed
Result: ERROR
Installation failed.
Flavor: r-release-windows-x86_64