Last updated on 2025-11-28 17:48:42 CET.
| Flavor | Version | Tinstall | Tcheck | Ttotal | Status | Flags |
|---|---|---|---|---|---|---|
| r-devel-linux-x86_64-debian-clang | 0.8.15 | 7.37 | 47.66 | 55.03 | OK | |
| r-devel-linux-x86_64-debian-gcc | 0.8.15 | 4.91 | 37.69 | 42.60 | OK | |
| r-devel-linux-x86_64-fedora-clang | 0.8.15 | 16.00 | 68.81 | 84.81 | OK | |
| r-devel-linux-x86_64-fedora-gcc | 0.8.15 | 14.00 | 77.00 | 91.00 | OK | |
| r-devel-windows-x86_64 | 0.8.15 | 9.00 | 63.00 | 72.00 | OK | |
| r-patched-linux-x86_64 | 0.8.15 | 6.73 | 45.50 | 52.23 | OK | |
| r-release-linux-x86_64 | 0.8.15 | 6.64 | 45.23 | 51.87 | OK | |
| r-release-macos-arm64 | 0.8.15 | OK | ||||
| r-release-macos-x86_64 | 0.8.15 | 6.00 | 58.00 | 64.00 | OK | |
| r-release-windows-x86_64 | 0.8.15 | 8.00 | 64.00 | 72.00 | OK | |
| r-oldrel-macos-arm64 | 0.8.15 | NOTE | ||||
| r-oldrel-macos-x86_64 | 0.8.15 | 5.00 | 222.00 | 227.00 | NOTE | |
| r-oldrel-windows-x86_64 | 0.8.15 | 9.00 | 81.00 | 90.00 | OK |
Version: 0.8.15
Check: installed package size
Result: NOTE
installed size is 5.2Mb
sub-directories of 1Mb or more:
data 4.8Mb
Flavors: r-oldrel-macos-arm64, r-oldrel-macos-x86_64