Last updated on 2025-07-12 18:49:42 CEST.
Flavor | Version | Tinstall | Tcheck | Ttotal | Status | Flags |
---|---|---|---|---|---|---|
r-devel-linux-x86_64-debian-clang | 1.1.3 | 20.21 | 84.17 | 104.38 | NOTE | |
r-devel-linux-x86_64-debian-gcc | 1.1.3 | 17.42 | 61.14 | 78.56 | NOTE | |
r-devel-linux-x86_64-fedora-clang | 1.1.3 | 159.37 | OK | |||
r-devel-linux-x86_64-fedora-gcc | 1.1.3 | 163.18 | OK | |||
r-devel-windows-x86_64 | 1.1.3 | 22.00 | 88.00 | 110.00 | OK | |
r-patched-linux-x86_64 | 1.1.3 | 20.46 | 78.73 | 99.19 | OK | |
r-release-linux-x86_64 | 1.1.3 | 18.68 | 78.12 | 96.80 | OK | |
r-release-macos-arm64 | 1.1.3 | 69.00 | OK | |||
r-release-macos-x86_64 | 1.1.3 | 104.00 | OK | |||
r-release-windows-x86_64 | 1.1.3 | 23.00 | 89.00 | 112.00 | OK | |
r-oldrel-macos-arm64 | 1.1.3 | 54.00 | NOTE | |||
r-oldrel-macos-x86_64 | 1.1.3 | 81.00 | NOTE | |||
r-oldrel-windows-x86_64 | 1.1.3 | 27.00 | 111.00 | 138.00 | OK |
Version: 1.1.3
Check: CRAN incoming feasibility
Result: NOTE
Maintainer: ‘H. Battey <h.battey@imperial.ac.uk>’
No Authors@R field in DESCRIPTION.
Please add one, modifying
Authors@R: c(person(given = c("H.", "H."),
family = "Hoeltgebaum",
role = "aut"),
person(given = "H.",
family = "Battey",
role = "cre",
email = "h.battey@imperial.ac.uk"))
as necessary.
Flavors: r-devel-linux-x86_64-debian-clang, r-devel-linux-x86_64-debian-gcc
Version: 1.1.3
Check: installed package size
Result: NOTE
installed size is 5.1Mb
sub-directories of 1Mb or more:
data 4.7Mb
Flavors: r-oldrel-macos-arm64, r-oldrel-macos-x86_64