Last updated on 2025-11-04 11:52:32 CET.
| Flavor | Version | Tinstall | Tcheck | Ttotal | Status | Flags | 
|---|---|---|---|---|---|---|
| r-devel-linux-x86_64-debian-clang | 0.1.1 | 6.52 | 67.86 | 74.38 | OK | |
| r-devel-linux-x86_64-debian-gcc | 0.1.1 | 5.40 | 52.05 | 57.45 | OK | |
| r-devel-linux-x86_64-fedora-clang | 0.1.1 | 15.00 | 94.91 | 109.91 | OK | |
| r-devel-linux-x86_64-fedora-gcc | 0.1.1 | 14.00 | 89.31 | 103.31 | OK | |
| r-devel-windows-x86_64 | 0.1.1 | 9.00 | 81.00 | 90.00 | OK | |
| r-patched-linux-x86_64 | 0.1.1 | 6.65 | 63.92 | 70.57 | OK | |
| r-release-linux-x86_64 | 0.1.1 | 6.77 | 63.45 | 70.22 | OK | |
| r-release-macos-arm64 | 0.1.1 | 4.00 | 36.00 | 40.00 | OK | |
| r-release-macos-x86_64 | 0.1.1 | 6.00 | 64.00 | 70.00 | OK | |
| r-release-windows-x86_64 | 0.1.1 | 7.00 | 79.00 | 86.00 | OK | |
| r-oldrel-macos-arm64 | 0.1.1 | 3.00 | 32.00 | 35.00 | NOTE | |
| r-oldrel-macos-x86_64 | 0.1.1 | 5.00 | 46.00 | 51.00 | NOTE | |
| r-oldrel-windows-x86_64 | 0.1.1 | 10.00 | 99.00 | 109.00 | NOTE | 
Version: 0.1.1
Check: LazyData
Result: NOTE
    'LazyData' is specified without a 'data' directory
Flavors: r-oldrel-macos-arm64, r-oldrel-macos-x86_64, r-oldrel-windows-x86_64