CRAN Package Check Results for Package HCR

Last updated on 2025-07-15 00:50:03 CEST.

Flavor Version Tinstall Tcheck Ttotal Status Flags
r-devel-linux-x86_64-debian-clang 0.1.1 2.22 27.96 30.18 NOTE
r-devel-linux-x86_64-debian-gcc 0.1.1 1.88 22.17 24.05 NOTE
r-devel-linux-x86_64-fedora-clang 0.1.1 45.52 OK
r-devel-linux-x86_64-fedora-gcc 0.1.1 42.32 OK
r-devel-windows-x86_64 0.1.1 3.00 46.00 49.00 OK
r-patched-linux-x86_64 0.1.1 2.27 25.92 28.19 OK
r-release-linux-x86_64 0.1.1 2.30 26.07 28.37 OK
r-release-macos-arm64 0.1.1 19.00 OK
r-release-macos-x86_64 0.1.1 32.00 OK
r-release-windows-x86_64 0.1.1 3.00 53.00 56.00 OK
r-oldrel-macos-arm64 0.1.1 17.00 NOTE
r-oldrel-macos-x86_64 0.1.1 30.00 NOTE
r-oldrel-windows-x86_64 0.1.1 4.00 53.00 57.00 NOTE

Check Details

Version: 0.1.1
Check: CRAN incoming feasibility
Result: NOTE Maintainer: ‘Jie Qiao <qiaojie.chn@gmail.com>’ Package CITATION file contains call(s) to old-style personList() or as.personList(). Please use c() on person objects instead. Package CITATION file contains call(s) to old-style citEntry(). Please use bibentry() instead. Flavors: r-devel-linux-x86_64-debian-clang, r-devel-linux-x86_64-debian-gcc

Version: 0.1.1
Check: LazyData
Result: NOTE 'LazyData' is specified without a 'data' directory Flavors: r-oldrel-macos-arm64, r-oldrel-macos-x86_64, r-oldrel-windows-x86_64

mirror server hosted at Truenetwork, Russian Federation.