CRAN Package Check Results for Package Guerry

Last updated on 2025-07-13 18:52:45 CEST.

Flavor Version Tinstall Tcheck Ttotal Status Flags
r-devel-linux-x86_64-debian-clang 1.8.3 1.26 83.69 84.95 NOTE
r-devel-linux-x86_64-debian-gcc 1.8.3 1.32 61.83 63.15 NOTE
r-devel-linux-x86_64-fedora-clang 1.8.3 127.52 NOTE
r-devel-linux-x86_64-fedora-gcc 1.8.3 134.39 NOTE
r-devel-windows-x86_64 1.8.3 3.00 95.00 98.00 NOTE
r-patched-linux-x86_64 1.8.3 1.51 80.68 82.19 NOTE
r-release-linux-x86_64 1.8.3 1.39 80.47 81.86 NOTE
r-release-macos-arm64 1.8.3 48.00 NOTE
r-release-macos-x86_64 1.8.3 89.00 NOTE
r-release-windows-x86_64 1.8.3 3.00 102.00 105.00 NOTE
r-oldrel-macos-arm64 1.8.3 41.00 OK
r-oldrel-macos-x86_64 1.8.3 66.00 OK
r-oldrel-windows-x86_64 1.8.3 3.00 124.00 127.00 OK

Check Details

Version: 1.8.3
Check: DESCRIPTION meta-information
Result: NOTE Missing dependency on R >= 4.1.0 because package code uses the pipe |> or function shorthand \(...) syntax added in R 4.1.0. File(s) using such syntax: ‘gfrance85.Rd’ Flavors: r-devel-linux-x86_64-debian-clang, r-devel-linux-x86_64-debian-gcc, r-devel-linux-x86_64-fedora-clang, r-devel-linux-x86_64-fedora-gcc, r-devel-windows-x86_64, r-patched-linux-x86_64, r-release-linux-x86_64, r-release-macos-arm64, r-release-macos-x86_64, r-release-windows-x86_64

mirror server hosted at Truenetwork, Russian Federation.