Last updated on 2025-02-22 05:51:37 CET.
Flavor | Version | Tinstall | Tcheck | Ttotal | Status | Flags |
---|---|---|---|---|---|---|
r-devel-linux-x86_64-debian-clang | 0.0.5 | 28.25 | 207.96 | 236.21 | OK | |
r-devel-linux-x86_64-debian-gcc | 0.0.5 | 18.49 | 143.63 | 162.12 | OK | |
r-devel-linux-x86_64-fedora-clang | 0.0.5 | 392.27 | OK | |||
r-devel-linux-x86_64-fedora-gcc | 0.0.5 | 368.43 | OK | |||
r-devel-macos-arm64 | 0.0.5 | 95.00 | OK | |||
r-devel-macos-x86_64 | 0.0.5 | 188.00 | OK | |||
r-devel-windows-x86_64 | 0.0.5 | 26.00 | 171.00 | 197.00 | OK | |
r-patched-linux-x86_64 | 0.0.5 | 24.59 | 186.20 | 210.79 | OK | |
r-release-linux-x86_64 | 0.0.5 | 25.21 | 187.38 | 212.59 | OK | |
r-release-macos-arm64 | 0.0.5 | 96.00 | OK | |||
r-release-macos-x86_64 | 0.0.5 | 148.00 | OK | |||
r-release-windows-x86_64 | 0.0.5 | 27.00 | 171.00 | 198.00 | OK | |
r-oldrel-macos-arm64 | 0.0.5 | 5.00 | ERROR | |||
r-oldrel-macos-x86_64 | 0.0.5 | 164.00 | OK | |||
r-oldrel-windows-x86_64 | 0.0.5 | 35.00 | 232.00 | 267.00 | OK |
Version: 0.0.5
Check: package dependencies
Result: ERROR
Package required but not available: ‘DOSE’
See section ‘The DESCRIPTION file’ in the ‘Writing R Extensions’
manual.
Flavor: r-oldrel-macos-arm64