Last updated on 2025-11-03 23:50:19 CET.
| Flavor | Version | Tinstall | Tcheck | Ttotal | Status | Flags | 
|---|---|---|---|---|---|---|
| r-devel-linux-x86_64-debian-clang | 0.5.3 | 7.32 | 63.77 | 71.09 | NOTE | |
| r-devel-linux-x86_64-debian-gcc | 0.5.3 | 5.31 | 48.92 | 54.23 | NOTE | |
| r-devel-linux-x86_64-fedora-clang | 0.5.3 | 15.00 | 89.34 | 104.34 | OK | |
| r-devel-linux-x86_64-fedora-gcc | 0.5.3 | 14.00 | 89.14 | 103.14 | OK | |
| r-devel-windows-x86_64 | 0.5.3 | 9.00 | 77.00 | 86.00 | OK | |
| r-patched-linux-x86_64 | 0.5.3 | 7.20 | 61.78 | 68.98 | OK | |
| r-release-linux-x86_64 | 0.5.3 | 6.34 | 62.42 | 68.76 | OK | |
| r-release-macos-arm64 | 0.5.3 | 3.00 | 34.00 | 37.00 | OK | |
| r-release-macos-x86_64 | 0.5.3 | 7.00 | 61.00 | 68.00 | OK | |
| r-release-windows-x86_64 | 0.5.3 | 7.00 | 76.00 | 83.00 | OK | |
| r-oldrel-macos-arm64 | 0.5.3 | 3.00 | 30.00 | 33.00 | NOTE | |
| r-oldrel-macos-x86_64 | 0.5.3 | 5.00 | 45.00 | 50.00 | NOTE | |
| r-oldrel-windows-x86_64 | 0.5.3 | 11.00 | 96.00 | 107.00 | NOTE | 
Version: 0.5.3
Check: CRAN incoming feasibility
Result: NOTE
  Maintainer: ‘Sen Zhao <sen-zhao@sen-zhao.com>’
  
  No Authors@R field in DESCRIPTION.
  Please add one, modifying
    Authors@R: person(given = "Sen",
                      family = "Zhao",
                      role = c("aut", "cre"),
                      email = "sen-zhao@sen-zhao.com")
  as necessary.
Flavors: r-devel-linux-x86_64-debian-clang, r-devel-linux-x86_64-debian-gcc
Version: 0.5.3
Check: LazyData
Result: NOTE
    'LazyData' is specified without a 'data' directory
Flavors: r-oldrel-macos-arm64, r-oldrel-macos-x86_64, r-oldrel-windows-x86_64