Last updated on 2025-02-21 17:50:43 CET.
Flavor | Version | Tinstall | Tcheck | Ttotal | Status | Flags |
---|---|---|---|---|---|---|
r-devel-linux-x86_64-debian-clang | 1.0.1 | 54.77 | 49.04 | 103.81 | NOTE | |
r-devel-linux-x86_64-debian-gcc | 1.0.1 | 40.95 | 40.00 | 80.95 | NOTE | |
r-devel-linux-x86_64-fedora-clang | 1.0.1 | 192.32 | NOTE | |||
r-devel-linux-x86_64-fedora-gcc | 1.0.1 | 207.15 | NOTE | |||
r-devel-macos-arm64 | 1.0.1 | 59.00 | NOTE | |||
r-devel-macos-x86_64 | 1.0.1 | 92.00 | NOTE | |||
r-devel-windows-x86_64 | 1.0.1 | 62.00 | 104.00 | 166.00 | NOTE | |
r-patched-linux-x86_64 | 1.0.1 | 55.15 | 49.38 | 104.53 | NOTE | |
r-release-linux-x86_64 | 1.0.1 | 58.60 | 50.01 | 108.61 | NOTE | |
r-release-macos-arm64 | 1.0.1 | 53.00 | NOTE | |||
r-release-macos-x86_64 | 1.0.1 | 123.00 | NOTE | |||
r-release-windows-x86_64 | 1.0.1 | 64.00 | 105.00 | 169.00 | NOTE | |
r-oldrel-macos-arm64 | 1.0.1 | 63.00 | NOTE | |||
r-oldrel-macos-x86_64 | 1.0.1 | 96.00 | NOTE | |||
r-oldrel-windows-x86_64 | 1.0.1 | 75.00 | 118.00 | 193.00 | NOTE |
Version: 1.0.1
Check: C++ specification
Result: NOTE
Specified C++11: please drop specification unless essential
Flavors: r-devel-linux-x86_64-debian-clang, r-devel-linux-x86_64-debian-gcc, r-devel-linux-x86_64-fedora-clang, r-devel-linux-x86_64-fedora-gcc, r-devel-macos-arm64, r-devel-macos-x86_64, r-devel-windows-x86_64, r-patched-linux-x86_64, r-release-linux-x86_64, r-release-macos-arm64, r-release-macos-x86_64, r-release-windows-x86_64, r-oldrel-macos-arm64, r-oldrel-macos-x86_64, r-oldrel-windows-x86_64
Version: 1.0.1
Check: compiled code
Result: NOTE
File ‘GiRaF/libs/GiRaF.so’:
Found no calls to: ‘R_registerRoutines’, ‘R_useDynamicSymbols’
It is good practice to register native routines and to disable symbol
search.
See ‘Writing portable packages’ in the ‘Writing R Extensions’ manual.
Flavors: r-devel-linux-x86_64-fedora-clang, r-devel-linux-x86_64-fedora-gcc
Version: 1.0.1
Check: installed package size
Result: NOTE
installed size is 6.8Mb
sub-directories of 1Mb or more:
libs 6.3Mb
Flavors: r-release-macos-arm64, r-release-macos-x86_64, r-oldrel-macos-arm64, r-oldrel-macos-x86_64