Last updated on 2025-11-03 23:50:18 CET.
| Flavor | Version | Tinstall | Tcheck | Ttotal | Status | Flags | 
|---|---|---|---|---|---|---|
| r-devel-linux-x86_64-debian-clang | 0.1.0 | 12.54 | 104.45 | 116.99 | NOTE | |
| r-devel-linux-x86_64-debian-gcc | 0.1.0 | 10.42 | 73.78 | 84.20 | NOTE | |
| r-devel-linux-x86_64-fedora-clang | 0.1.0 | 61.00 | 128.45 | 189.45 | OK | |
| r-devel-linux-x86_64-fedora-gcc | 0.1.0 | 28.00 | 142.05 | 170.05 | OK | |
| r-devel-windows-x86_64 | 0.1.0 | 14.00 | 107.00 | 121.00 | OK | |
| r-patched-linux-x86_64 | 0.1.0 | 12.77 | 98.80 | 111.57 | OK | |
| r-release-linux-x86_64 | 0.1.0 | 13.57 | 99.16 | 112.73 | OK | |
| r-release-macos-arm64 | 0.1.0 | 11.00 | 57.00 | 68.00 | OK | |
| r-release-macos-x86_64 | 0.1.0 | 16.00 | 95.00 | 111.00 | OK | |
| r-release-windows-x86_64 | 0.1.0 | 14.00 | 102.00 | 116.00 | OK | |
| r-oldrel-macos-arm64 | 0.1.0 | 11.00 | 52.00 | 63.00 | OK | |
| r-oldrel-macos-x86_64 | 0.1.0 | 13.00 | 75.00 | 88.00 | OK | |
| r-oldrel-windows-x86_64 | 0.1.0 | 18.00 | 133.00 | 151.00 | OK | 
Version: 0.1.0
Check: CRAN incoming feasibility
Result: NOTE
  Maintainer: ‘Zihuai He <zihuai@stanford.edu>’
  
  No Authors@R field in DESCRIPTION.
  Please add one, modifying
    Authors@R: person(given = "Zihuai",
                      family = "He",
                      role = c("aut", "cre"),
                      email = "zihuai@stanford.edu")
  as necessary.
Flavors: r-devel-linux-x86_64-debian-clang, r-devel-linux-x86_64-debian-gcc