Last updated on 2025-11-05 05:51:25 CET.
| Flavor | Version | Tinstall | Tcheck | Ttotal | Status | Flags |
|---|---|---|---|---|---|---|
| r-devel-linux-x86_64-debian-clang | 0.1 | 7.98 | 74.63 | 82.61 | NOTE | |
| r-devel-linux-x86_64-debian-gcc | 0.1 | 5.59 | 55.58 | 61.17 | NOTE | |
| r-devel-linux-x86_64-fedora-clang | 0.1 | 21.00 | 102.09 | 123.09 | OK | |
| r-devel-linux-x86_64-fedora-gcc | 0.1 | 21.00 | 93.15 | 114.15 | OK | |
| r-devel-windows-x86_64 | 0.1 | 11.00 | 92.00 | 103.00 | OK | |
| r-patched-linux-x86_64 | 0.1 | 8.25 | 70.85 | 79.10 | OK | |
| r-release-linux-x86_64 | 0.1 | 7.33 | 71.20 | 78.53 | OK | |
| r-release-macos-arm64 | 0.1 | 11.00 | 50.00 | 61.00 | OK | |
| r-release-macos-x86_64 | 0.1 | 13.00 | 76.00 | 89.00 | OK | |
| r-release-windows-x86_64 | 0.1 | 10.00 | 91.00 | 101.00 | OK | |
| r-oldrel-macos-arm64 | 0.1 | 9.00 | 48.00 | 57.00 | OK | |
| r-oldrel-macos-x86_64 | 0.1 | 10.00 | 62.00 | 72.00 | OK | |
| r-oldrel-windows-x86_64 | 0.1 | 14.00 | 110.00 | 124.00 | OK |
Version: 0.1
Check: CRAN incoming feasibility
Result: NOTE
Maintainer: ‘Zihuai He <zihuai@stanford.edu>’
No Authors@R field in DESCRIPTION.
Please add one, modifying
Authors@R: person(given = "Zihuai",
family = "He",
role = c("aut", "cre"),
email = "zihuai@stanford.edu")
as necessary.
Flavors: r-devel-linux-x86_64-debian-clang, r-devel-linux-x86_64-debian-gcc