Last updated on 2025-11-04 11:52:32 CET.
| Flavor | Version | Tinstall | Tcheck | Ttotal | Status | Flags | 
|---|---|---|---|---|---|---|
| r-devel-linux-x86_64-debian-clang | 1.2.2 | 7.03 | 60.35 | 67.38 | NOTE | |
| r-devel-linux-x86_64-debian-gcc | 1.2.2 | 5.34 | 46.04 | 51.38 | NOTE | |
| r-devel-linux-x86_64-fedora-clang | 1.2.2 | 14.00 | 84.12 | 98.12 | NOTE | |
| r-devel-linux-x86_64-fedora-gcc | 1.2.2 | 15.00 | 80.15 | 95.15 | NOTE | |
| r-devel-windows-x86_64 | 1.2.2 | 8.00 | 68.00 | 76.00 | OK | |
| r-patched-linux-x86_64 | 1.2.2 | 6.64 | 57.07 | 63.71 | OK | |
| r-release-linux-x86_64 | 1.2.2 | 6.03 | 57.46 | 63.49 | OK | |
| r-release-macos-arm64 | 1.2.2 | 4.00 | 29.00 | 33.00 | OK | |
| r-release-macos-x86_64 | 1.2.2 | 7.00 | 54.00 | 61.00 | OK | |
| r-release-windows-x86_64 | 1.2.2 | 8.00 | 66.00 | 74.00 | OK | |
| r-oldrel-macos-arm64 | 1.2.2 | 3.00 | 29.00 | 32.00 | NOTE | |
| r-oldrel-macos-x86_64 | 1.2.2 | 5.00 | 42.00 | 47.00 | NOTE | |
| r-oldrel-windows-x86_64 | 1.2.2 | 11.00 | 85.00 | 96.00 | NOTE | 
Version: 1.2.2
Check: CRAN incoming feasibility
Result: NOTE
  Maintainer: ‘Daisuke Yoneoka <blue.sky.sea.dy@gmail.com>’
  
  No Authors@R field in DESCRIPTION.
  Please add one, modifying
    Authors@R: c(person(given = "Daisuke",
                        family = "Yoneoka",
                        role = c("aut", "cre"),
                        email = "blue.sky.sea.dy@gmail.com"),
                 person(given = "Eiko",
                        family = "Saito",
                        role = "aut"))
  as necessary.
Flavors: r-devel-linux-x86_64-debian-clang, r-devel-linux-x86_64-debian-gcc
Version: 1.2.2
Check: dependencies in R code
Result: NOTE
  Namespaces in Imports field not imported from:
    ‘doParallel’ ‘foreach’ ‘spgwr’
    All declared Imports should be used.
Flavors: r-devel-linux-x86_64-fedora-clang, r-devel-linux-x86_64-fedora-gcc
Version: 1.2.2
Check: LazyData
Result: NOTE
    'LazyData' is specified without a 'data' directory
Flavors: r-oldrel-macos-arm64, r-oldrel-macos-x86_64, r-oldrel-windows-x86_64