Last updated on 2025-11-04 05:51:13 CET.
| Flavor | Version | Tinstall | Tcheck | Ttotal | Status | Flags | 
|---|---|---|---|---|---|---|
| r-devel-linux-x86_64-debian-clang | 1.4 | 13.82 | 153.99 | 167.81 | NOTE | |
| r-devel-linux-x86_64-debian-gcc | 1.4 | 8.94 | 109.55 | 118.49 | NOTE | |
| r-devel-linux-x86_64-fedora-clang | 1.4 | 32.00 | 231.07 | 263.07 | OK | |
| r-devel-linux-x86_64-fedora-gcc | 1.4 | 31.00 | 219.61 | 250.61 | OK | |
| r-devel-windows-x86_64 | 1.4 | 15.00 | 148.00 | 163.00 | OK | |
| r-patched-linux-x86_64 | 1.4 | 12.82 | 144.93 | 157.75 | OK | |
| r-release-linux-x86_64 | 1.4 | 14.54 | 147.50 | 162.04 | OK | |
| r-release-macos-arm64 | 1.4 | 10.00 | 74.00 | 84.00 | OK | |
| r-release-macos-x86_64 | 1.4 | 12.00 | 128.00 | 140.00 | OK | |
| r-release-windows-x86_64 | 1.4 | 15.00 | 148.00 | 163.00 | OK | |
| r-oldrel-macos-arm64 | 1.4 | 7.00 | 63.00 | 70.00 | OK | |
| r-oldrel-macos-x86_64 | 1.4 | 14.00 | 110.00 | 124.00 | OK | |
| r-oldrel-windows-x86_64 | 1.4 | 21.00 | 199.00 | 220.00 | OK | 
Version: 1.4
Check: CRAN incoming feasibility
Result: NOTE
  Maintainer: ‘Ho Tsung-wu <tsungwu@ntnu.edu.tw>’
  
  No Authors@R field in DESCRIPTION.
  Please add one, modifying
    Authors@R: person(given = "Ho",
                      family = "Tsung-wu",
                      role = c("aut", "cre"),
                      email = "tsungwu@ntnu.edu.tw")
  as necessary.
Flavors: r-devel-linux-x86_64-debian-clang, r-devel-linux-x86_64-debian-gcc