Last updated on 2025-05-23 06:49:52 CEST.
Flavor | Version | Tinstall | Tcheck | Ttotal | Status | Flags |
---|---|---|---|---|---|---|
r-devel-linux-x86_64-debian-clang | 1.0.0 | 18.40 | 225.35 | 243.75 | OK | |
r-devel-linux-x86_64-debian-gcc | 1.0.0 | 13.19 | 155.79 | 168.98 | OK | |
r-devel-linux-x86_64-fedora-clang | 1.0.0 | 384.74 | NOTE | |||
r-devel-linux-x86_64-fedora-gcc | 1.0.0 | 372.25 | NOTE | |||
r-devel-windows-x86_64 | 1.0.0 | 21.00 | 211.00 | 232.00 | OK | |
r-patched-linux-x86_64 | 1.0.0 | 16.58 | 215.69 | 232.27 | OK | |
r-release-linux-x86_64 | 1.0.0 | 16.24 | 211.55 | 227.79 | OK | |
r-release-macos-arm64 | 1.0.0 | 106.00 | OK | |||
r-release-macos-x86_64 | 1.0.0 | 242.00 | OK | |||
r-release-windows-x86_64 | 1.0.0 | 21.00 | 210.00 | 231.00 | OK | |
r-oldrel-macos-arm64 | 1.0.0 | 125.00 | OK | |||
r-oldrel-macos-x86_64 | 1.0.0 | 346.00 | OK | |||
r-oldrel-windows-x86_64 | 1.0.0 | 26.00 | 280.00 | 306.00 | OK |
Version: 1.0.0
Check: dependencies in R code
Result: NOTE
Namespace in Imports field not imported from: ‘devtools’
All declared Imports should be used.
Flavors: r-devel-linux-x86_64-fedora-clang, r-devel-linux-x86_64-fedora-gcc