Last updated on 2025-05-28 00:49:03 CEST.
Flavor | Version | Tinstall | Tcheck | Ttotal | Status | Flags |
---|---|---|---|---|---|---|
r-devel-linux-x86_64-debian-clang | 4.2-1 | 67.43 | 75.60 | 143.03 | NOTE | |
r-devel-linux-x86_64-debian-gcc | 4.2-1 | 47.76 | 53.17 | 100.93 | NOTE | |
r-devel-linux-x86_64-fedora-clang | 4.2-1 | 247.95 | OK | |||
r-devel-linux-x86_64-fedora-gcc | 4.2-1 | 241.52 | OK | |||
r-devel-windows-x86_64 | 4.2-1 | 81.00 | 103.00 | 184.00 | OK | |
r-patched-linux-x86_64 | 4.2-1 | 63.16 | 68.66 | 131.82 | OK | |
r-release-linux-x86_64 | 4.2-1 | 59.68 | 68.71 | 128.39 | OK | |
r-release-macos-arm64 | 4.2-1 | 65.00 | OK | |||
r-release-macos-x86_64 | 4.2-1 | 97.00 | OK | |||
r-release-windows-x86_64 | 4.2-1 | 77.00 | 109.00 | 186.00 | OK | |
r-oldrel-macos-arm64 | 4.2-1 | 57.00 | OK | |||
r-oldrel-macos-x86_64 | 4.2-1 | 88.00 | NOTE | |||
r-oldrel-windows-x86_64 | 4.2-1 | 91.00 | 130.00 | 221.00 | OK |
Version: 4.2-1
Check: CRAN incoming feasibility
Result: NOTE
Maintainer: ‘Claudio Agostinelli <claudio.agostinelli@unitn.it>’
No Authors@R field in DESCRIPTION.
Please add one, modifying
Authors@R: c(person(given = "Andy",
family = "Leung",
role = "aut"),
person(given = "Mike",
family = "Danilov",
role = "aut"),
person(given = "Victor",
family = "Yohai",
role = "aut"),
person(given = "Ruben",
family = "Zamar",
role = "aut"),
person(given = "Claudio",
family = "Agostinelli",
role = "cre",
email = "claudio.agostinelli@unitn.it"))
as necessary.
Flavors: r-devel-linux-x86_64-debian-clang, r-devel-linux-x86_64-debian-gcc
Version: 4.2-1
Check: installed package size
Result: NOTE
installed size is 5.2Mb
sub-directories of 1Mb or more:
libs 4.6Mb
Flavor: r-oldrel-macos-x86_64