Last updated on 2024-05-28 12:56:17 CEST.
Flavor | Version | Tinstall | Tcheck | Ttotal | Status | Flags |
---|---|---|---|---|---|---|
r-devel-linux-x86_64-debian-clang | 1.0.0 | 19.99 | 185.44 | 205.43 | NOTE | |
r-devel-linux-x86_64-debian-gcc | 1.0.0 | 16.32 | 135.20 | 151.52 | NOTE | |
r-devel-linux-x86_64-fedora-clang | 1.0.0 | 252.59 | NOTE | |||
r-devel-linux-x86_64-fedora-gcc | 1.0.0 | 246.37 | NOTE | |||
r-devel-windows-x86_64 | 1.0.0 | 17.00 | 141.00 | 158.00 | NOTE | |
r-patched-linux-x86_64 | 1.0.0 | 21.47 | 175.73 | 197.20 | NOTE | |
r-release-linux-x86_64 | 1.0.0 | 12.50 | 174.00 | 186.50 | NOTE | |
r-release-macos-arm64 | 1.0.0 | 75.00 | NOTE | |||
r-release-windows-x86_64 | 1.0.0 | 18.00 | 140.00 | 158.00 | NOTE | |
r-oldrel-macos-arm64 | 1.0.0 | 76.00 | OK | |||
r-oldrel-macos-x86_64 | 1.0.0 | 153.00 | OK | |||
r-oldrel-windows-x86_64 | 1.0.0 | 22.00 | 178.00 | 200.00 | OK |
Version: 1.0.0
Check: Rd files
Result: NOTE
checkRd: (-1) runGRM.Rd:24: Lost braces
24 | from \code{\link{mirt}} or code{\linkS4class{lavaan}} from from
| ^
Flavors: r-devel-linux-x86_64-debian-clang, r-devel-linux-x86_64-debian-gcc, r-devel-linux-x86_64-fedora-clang, r-devel-linux-x86_64-fedora-gcc, r-devel-windows-x86_64, r-patched-linux-x86_64, r-release-linux-x86_64, r-release-macos-arm64, r-release-windows-x86_64
Version: 1.0.0
Check: package dependencies
Result: NOTE
Imports includes 21 non-default packages.
Importing from so many packages makes the package vulnerable to any of
them becoming unavailable. Move as many as possible to Suggests and
use conditionally.
Flavor: r-devel-linux-x86_64-fedora-clang