Last updated on 2025-07-16 07:49:07 CEST.
Flavor | Version | Tinstall | Tcheck | Ttotal | Status | Flags |
---|---|---|---|---|---|---|
r-devel-linux-x86_64-debian-clang | 1.1.8 | 26.01 | 122.60 | 148.61 | NOTE | --no-vignettes |
r-devel-linux-x86_64-debian-gcc | 1.1.8 | 20.03 | 91.05 | 111.08 | NOTE | --no-vignettes |
r-devel-linux-x86_64-fedora-clang | 1.1.8 | 1391.38 | NOTE | |||
r-devel-linux-x86_64-fedora-gcc | 1.1.8 | 1375.33 | NOTE | |||
r-devel-windows-x86_64 | 1.1.8 | 32.00 | 157.00 | 189.00 | OK | --no-vignettes |
r-patched-linux-x86_64 | 1.1.8 | 24.37 | 116.86 | 141.23 | NOTE | --no-vignettes |
r-release-linux-x86_64 | 1.1.8 | 26.55 | 115.69 | 142.24 | NOTE | --no-vignettes |
r-release-macos-arm64 | 1.1.8 | 393.00 | OK | |||
r-release-macos-x86_64 | 1.1.8 | 815.00 | OK | |||
r-release-windows-x86_64 | 1.1.8 | 31.00 | 165.00 | 196.00 | OK | --no-vignettes |
r-oldrel-macos-arm64 | 1.1.8 | 303.00 | OK | |||
r-oldrel-macos-x86_64 | 1.1.8 | 640.00 | OK | |||
r-oldrel-windows-x86_64 | 1.1.8 | 40.00 | 170.00 | 210.00 | OK | --no-vignettes |
Version: 1.1.8
Flags: --no-vignettes
Check: CRAN incoming feasibility
Result: NOTE
Maintainer: ‘Mickael Binois <mickael.binois@inria.fr>’
No Authors@R field in DESCRIPTION.
Please add one, modifying
Authors@R: c(person(given = "Mickael",
family = "Binois",
role = c("aut", "cre"),
email = "mickael.binois@inria.fr"),
person(given = "Victor",
family = "Picheny",
role = "aut"))
as necessary.
Flavors: r-devel-linux-x86_64-debian-clang, r-devel-linux-x86_64-debian-gcc
Version: 1.1.8
Flags: --no-vignettes
Check: Rd cross-references
Result: NOTE
Unknown package ‘DiceOptim’ in Rd xrefs
Flavors: r-devel-linux-x86_64-debian-clang, r-devel-linux-x86_64-debian-gcc, r-patched-linux-x86_64, r-release-linux-x86_64
Version: 1.1.8
Check: Rd cross-references
Result: NOTE
Unknown package ‘DiceOptim’ in Rd xrefs
Flavors: r-devel-linux-x86_64-fedora-clang, r-devel-linux-x86_64-fedora-gcc