Last updated on 2025-11-04 11:52:32 CET.
| Flavor | Version | Tinstall | Tcheck | Ttotal | Status | Flags | 
|---|---|---|---|---|---|---|
| r-devel-linux-x86_64-debian-clang | 1.5 | 3.01 | 180.35 | 183.36 | NOTE | |
| r-devel-linux-x86_64-debian-gcc | 1.5 | 2.35 | 108.73 | 111.08 | NOTE | |
| r-devel-linux-x86_64-fedora-clang | 1.5 | 273.80 | OK | |||
| r-devel-linux-x86_64-fedora-gcc | 1.5 | 295.63 | OK | |||
| r-devel-windows-x86_64 | 1.5 | 6.00 | 188.00 | 194.00 | OK | |
| r-patched-linux-x86_64 | 1.5 | 3.53 | 167.58 | 171.11 | OK | |
| r-release-linux-x86_64 | 1.5 | 2.99 | 169.70 | 172.69 | OK | |
| r-release-macos-arm64 | 1.5 | 2.00 | 75.00 | 77.00 | OK | |
| r-release-macos-x86_64 | 1.5 | 4.00 | 183.00 | 187.00 | OK | |
| r-release-windows-x86_64 | 1.5 | 4.00 | 184.00 | 188.00 | OK | |
| r-oldrel-macos-arm64 | 1.5 | 2.00 | 79.00 | 81.00 | OK | |
| r-oldrel-macos-x86_64 | 1.5 | 3.00 | 149.00 | 152.00 | OK | |
| r-oldrel-windows-x86_64 | 1.5 | 4.00 | 242.00 | 246.00 | OK | 
Version: 1.5
Check: CRAN incoming feasibility
Result: NOTE
  Maintainer: ‘Cyprien Mbogning <cyprien.mbogning@gmail.com>’
  
  No Authors@R field in DESCRIPTION.
  Please add one, modifying
    Authors@R: c(person(given = "Cyprien",
                        family = "Mbogning",
                        role = c("aut", "cre"),
                        email = "cyprien.mbogning@inserm.fr"),
                 person(given = "Wilson",
                        family = "Toussile",
                        role = "aut"))
  as necessary.
Flavors: r-devel-linux-x86_64-debian-clang, r-devel-linux-x86_64-debian-gcc