Last updated on 2025-11-04 11:52:32 CET.
| Flavor | Version | Tinstall | Tcheck | Ttotal | Status | Flags | 
|---|---|---|---|---|---|---|
| r-devel-linux-x86_64-debian-clang | 3.1.3 | 81.00 | 350.70 | 431.70 | NOTE | |
| r-devel-linux-x86_64-debian-gcc | 3.1.3 | 50.69 | 254.82 | 305.51 | NOTE | |
| r-devel-linux-x86_64-fedora-clang | 3.1.3 | 196.00 | 498.38 | 694.38 | OK | |
| r-devel-linux-x86_64-fedora-gcc | 3.1.3 | 172.00 | 468.77 | 640.77 | OK | |
| r-devel-windows-x86_64 | 3.1.3 | 96.00 | 348.00 | 444.00 | OK | |
| r-patched-linux-x86_64 | 3.1.3 | 75.28 | 396.63 | 471.91 | OK | |
| r-release-linux-x86_64 | 3.1.3 | 81.46 | 395.50 | 476.96 | OK | |
| r-release-macos-arm64 | 3.1.3 | 29.00 | 173.00 | 202.00 | OK | |
| r-release-macos-x86_64 | 3.1.3 | 31.00 | 391.00 | 422.00 | OK | |
| r-release-windows-x86_64 | 3.1.3 | 98.00 | 346.00 | 444.00 | OK | |
| r-oldrel-macos-arm64 | 3.1.3 | 31.00 | 171.00 | 202.00 | OK | |
| r-oldrel-macos-x86_64 | 3.1.3 | 29.00 | 333.00 | 362.00 | OK | |
| r-oldrel-windows-x86_64 | 3.1.3 | 123.00 | 513.00 | 636.00 | OK | 
Version: 3.1.3
Check: CRAN incoming feasibility
Result: NOTE
  Maintainer: ‘Evandro Konzen <gpfda.r@gmail.com>’
  
  No Authors@R field in DESCRIPTION.
  Please add one, modifying
    Authors@R: c(person(given = c("Jian", "Qing"),
                        family = "Shi",
                        role = "aut"),
                 person(given = "Yafeng",
                        family = "Cheng",
                        role = "aut"),
                 person(given = "Evandro",
                        family = "Konzen",
                        role = c("aut", "cre"),
                        email = "gpfda.r@gmail.com"))
  as necessary.
Flavors: r-devel-linux-x86_64-debian-clang, r-devel-linux-x86_64-debian-gcc