Last updated on 2025-11-03 23:50:19 CET.
| Flavor | Version | Tinstall | Tcheck | Ttotal | Status | Flags | 
|---|---|---|---|---|---|---|
| r-devel-linux-x86_64-debian-clang | 1.6 | 2.57 | 26.27 | 28.84 | NOTE | |
| r-devel-linux-x86_64-debian-gcc | 1.6 | 1.71 | 21.19 | 22.90 | NOTE | |
| r-devel-linux-x86_64-fedora-clang | 1.6 | 42.41 | OK | |||
| r-devel-linux-x86_64-fedora-gcc | 1.6 | 39.19 | OK | |||
| r-devel-windows-x86_64 | 1.6 | 4.00 | 48.00 | 52.00 | OK | |
| r-patched-linux-x86_64 | 1.6 | 2.56 | 25.24 | 27.80 | OK | |
| r-release-linux-x86_64 | 1.6 | 2.36 | 25.23 | 27.59 | OK | |
| r-release-macos-arm64 | 1.6 | 1.00 | 18.00 | 19.00 | OK | |
| r-release-macos-x86_64 | 1.6 | 2.00 | 28.00 | 30.00 | OK | |
| r-release-windows-x86_64 | 1.6 | 3.00 | 48.00 | 51.00 | OK | |
| r-oldrel-macos-arm64 | 1.6 | 1.00 | 15.00 | 16.00 | OK | |
| r-oldrel-macos-x86_64 | 1.6 | 2.00 | 23.00 | 25.00 | OK | |
| r-oldrel-windows-x86_64 | 1.6 | 3.00 | 52.00 | 55.00 | OK | 
Version: 1.6
Check: CRAN incoming feasibility
Result: NOTE
  Maintainer: ‘Osman Dag <osman.dag@hacettepe.edu.tr>’
  
  No Authors@R field in DESCRIPTION.
  Please add one, modifying
    Authors@R: c(person(given = "Osman",
                        family = "Dag",
                        role = c("aut", "cre"),
                        email = "osman.dag@hacettepe.edu.tr"),
                 person(given = "Ceylan",
                        family = "Yozgatligil",
                        role = "aut"))
  as necessary.
Flavors: r-devel-linux-x86_64-debian-clang, r-devel-linux-x86_64-debian-gcc