Last updated on 2025-02-21 17:50:43 CET.
Flavor | Version | Tinstall | Tcheck | Ttotal | Status | Flags |
---|---|---|---|---|---|---|
r-devel-linux-x86_64-debian-clang | 1.4 | 23.86 | 163.35 | 187.21 | NOTE | |
r-devel-linux-x86_64-debian-gcc | 1.4 | 16.83 | 112.40 | 129.23 | NOTE | |
r-devel-linux-x86_64-fedora-clang | 1.4 | 325.59 | NOTE | |||
r-devel-linux-x86_64-fedora-gcc | 1.4 | 322.77 | NOTE | |||
r-devel-macos-arm64 | 1.4 | 96.00 | NOTE | |||
r-devel-macos-x86_64 | 1.4 | 215.00 | NOTE | |||
r-devel-windows-x86_64 | 1.4 | 27.00 | 252.00 | 279.00 | NOTE | |
r-patched-linux-x86_64 | 1.4 | 24.94 | 153.54 | 178.48 | NOTE | |
r-release-linux-x86_64 | 1.4 | 24.58 | 154.32 | 178.90 | NOTE | |
r-release-macos-arm64 | 1.4 | 95.00 | NOTE | |||
r-release-macos-x86_64 | 1.4 | 266.00 | NOTE | |||
r-release-windows-x86_64 | 1.4 | 28.00 | 256.00 | 284.00 | NOTE | |
r-oldrel-macos-arm64 | 1.4 | 97.00 | OK | |||
r-oldrel-macos-x86_64 | 1.4 | 201.00 | OK | |||
r-oldrel-windows-x86_64 | 1.4 | 33.00 | 308.00 | 341.00 | OK |
Version: 1.4
Check: Rd files
Result: NOTE
checkRd: (-1) rtheta.Rd:50-76: Lost braces in \itemize; meant \describe ?
Flavors: r-devel-linux-x86_64-debian-clang, r-devel-linux-x86_64-debian-gcc, r-devel-linux-x86_64-fedora-clang, r-devel-linux-x86_64-fedora-gcc, r-devel-macos-arm64, r-devel-macos-x86_64, r-devel-windows-x86_64, r-patched-linux-x86_64, r-release-linux-x86_64, r-release-macos-arm64, r-release-macos-x86_64, r-release-windows-x86_64