Last updated on 2025-11-03 23:50:18 CET.
| Flavor | Version | Tinstall | Tcheck | Ttotal | Status | Flags | 
|---|---|---|---|---|---|---|
| r-devel-linux-x86_64-debian-clang | 0.1.1 | 4.81 | 47.61 | 52.42 | NOTE | |
| r-devel-linux-x86_64-debian-gcc | 0.1.1 | 3.42 | 34.95 | 38.37 | NOTE | |
| r-devel-linux-x86_64-fedora-clang | 0.1.1 | 13.00 | 66.86 | 79.86 | OK | |
| r-devel-linux-x86_64-fedora-gcc | 0.1.1 | 10.00 | 64.76 | 74.76 | OK | |
| r-devel-windows-x86_64 | 0.1.1 | 6.00 | 65.00 | 71.00 | OK | |
| r-patched-linux-x86_64 | 0.1.1 | 4.78 | 43.58 | 48.36 | OK | |
| r-release-linux-x86_64 | 0.1.1 | 5.12 | 45.01 | 50.13 | OK | |
| r-release-macos-arm64 | 0.1.1 | 2.00 | 25.00 | 27.00 | OK | |
| r-release-macos-x86_64 | 0.1.1 | 4.00 | 43.00 | 47.00 | OK | |
| r-release-windows-x86_64 | 0.1.1 | 6.00 | 66.00 | 72.00 | OK | |
| r-oldrel-macos-arm64 | 0.1.1 | 2.00 | 26.00 | 28.00 | OK | |
| r-oldrel-macos-x86_64 | 0.1.1 | 3.00 | 36.00 | 39.00 | OK | |
| r-oldrel-windows-x86_64 | 0.1.1 | 7.00 | 82.00 | 89.00 | OK | 
Version: 0.1.1
Check: CRAN incoming feasibility
Result: NOTE
  Maintainer: ‘Acero William <wfaceror@unal.edu.co>’
  
  No Authors@R field in DESCRIPTION.
  Please add one, modifying
    Authors@R: c(person(given = "Acero",
                        family = "William",
                        role = c("aut", "cre"),
                        email = "wfaceror@unal.edu.co"),
                 person(given = "Gutierrez",
                        family = "Andres",
                        role = "aut",
                        email = "andres.gutierrez@un.org"),
                 person(given = "Trujillo",
                        family = "Leonardo",
                        role = "aut",
                        email = "ltrujillo@unal.edu.co"))
  as necessary.
Flavors: r-devel-linux-x86_64-debian-clang, r-devel-linux-x86_64-debian-gcc