CRAN Package Check Results for Package GCSM

Last updated on 2025-07-16 00:49:42 CEST.

Flavor Version Tinstall Tcheck Ttotal Status Flags
r-devel-linux-x86_64-debian-clang 0.1.1 64.72 26.32 91.04 NOTE
r-devel-linux-x86_64-debian-gcc 0.1.1 47.97 21.18 69.15 NOTE
r-devel-linux-x86_64-fedora-clang 0.1.1 169.78 NOTE
r-devel-linux-x86_64-fedora-gcc 0.1.1 159.95 NOTE
r-devel-windows-x86_64 0.1.1 74.00 64.00 138.00 NOTE
r-patched-linux-x86_64 0.1.1 70.32 23.86 94.18 NOTE
r-release-linux-x86_64 0.1.1 68.10 23.58 91.68 NOTE
r-release-macos-arm64 0.1.1 42.00 NOTE
r-release-macos-x86_64 0.1.1 48.00 NOTE
r-release-windows-x86_64 0.1.1 77.00 63.00 140.00 NOTE
r-oldrel-macos-arm64 0.1.1 41.00 NOTE
r-oldrel-macos-x86_64 0.1.1 42.00 NOTE
r-oldrel-windows-x86_64 0.1.1 92.00 75.00 167.00 NOTE

Check Details

Version: 0.1.1
Check: C++ specification
Result: NOTE Specified C++11: please drop specification unless essential Flavors: r-devel-linux-x86_64-debian-clang, r-devel-linux-x86_64-debian-gcc, r-devel-linux-x86_64-fedora-clang, r-devel-linux-x86_64-fedora-gcc, r-devel-windows-x86_64, r-patched-linux-x86_64, r-release-linux-x86_64, r-release-macos-arm64, r-release-macos-x86_64, r-release-windows-x86_64, r-oldrel-macos-arm64, r-oldrel-macos-x86_64, r-oldrel-windows-x86_64

mirror server hosted at Truenetwork, Russian Federation.