Last updated on 2025-11-04 05:51:11 CET.
| Flavor | Version | Tinstall | Tcheck | Ttotal | Status | Flags | 
|---|---|---|---|---|---|---|
| r-devel-linux-x86_64-debian-clang | 0.5.4 | 16.56 | 91.14 | 107.70 | NOTE | |
| r-devel-linux-x86_64-debian-gcc | 0.5.4 | 11.55 | 66.76 | 78.31 | NOTE | |
| r-devel-linux-x86_64-fedora-clang | 0.5.4 | 43.00 | 124.15 | 167.15 | OK | |
| r-devel-linux-x86_64-fedora-gcc | 0.5.4 | 37.00 | 137.40 | 174.40 | OK | |
| r-devel-windows-x86_64 | 0.5.4 | 23.00 | 122.00 | 145.00 | OK | |
| r-patched-linux-x86_64 | 0.5.4 | 17.39 | 86.97 | 104.36 | OK | |
| r-release-linux-x86_64 | 0.5.4 | 16.61 | 87.23 | 103.84 | OK | |
| r-release-macos-arm64 | 0.5.4 | 9.00 | 58.00 | 67.00 | OK | |
| r-release-macos-x86_64 | 0.5.4 | 14.00 | 95.00 | 109.00 | OK | |
| r-release-windows-x86_64 | 0.5.4 | 22.00 | 119.00 | 141.00 | OK | |
| r-oldrel-macos-arm64 | 0.5.4 | 8.00 | 45.00 | 53.00 | OK | |
| r-oldrel-macos-x86_64 | 0.5.4 | 11.00 | 71.00 | 82.00 | OK | |
| r-oldrel-windows-x86_64 | 0.5.4 | 26.00 | 151.00 | 177.00 | OK | 
Version: 0.5.4
Check: CRAN incoming feasibility
Result: NOTE
  Maintainer: ‘Ryan Sun <ryansun.work@gmail.com>’
  
  The Description field contains
    <arXiv:1710.02469> for more details.
  Please refer to arXiv e-prints via their arXiv DOI <doi:10.48550/arXiv.YYMM.NNNNN>.
Flavors: r-devel-linux-x86_64-debian-clang, r-devel-linux-x86_64-debian-gcc