Last updated on 2025-11-04 11:52:31 CET.
| Flavor | Version | Tinstall | Tcheck | Ttotal | Status | Flags | 
|---|---|---|---|---|---|---|
| r-devel-linux-x86_64-debian-clang | 1.2.2 | 8.34 | 76.21 | 84.55 | NOTE | |
| r-devel-linux-x86_64-debian-gcc | 1.2.2 | 5.93 | 55.76 | 61.69 | NOTE | |
| r-devel-linux-x86_64-fedora-clang | 1.2.2 | 17.00 | 106.00 | 123.00 | OK | |
| r-devel-linux-x86_64-fedora-gcc | 1.2.2 | 16.00 | 99.76 | 115.76 | OK | |
| r-devel-windows-x86_64 | 1.2.2 | 9.00 | 80.00 | 89.00 | OK | |
| r-patched-linux-x86_64 | 1.2.2 | 7.52 | 69.01 | 76.53 | OK | |
| r-release-linux-x86_64 | 1.2.2 | 7.81 | 69.13 | 76.94 | OK | |
| r-release-macos-arm64 | 1.2.2 | 5.00 | 51.00 | 56.00 | OK | |
| r-release-macos-x86_64 | 1.2.2 | 6.00 | 75.00 | 81.00 | OK | |
| r-release-windows-x86_64 | 1.2.2 | 10.00 | 78.00 | 88.00 | OK | |
| r-oldrel-macos-arm64 | 1.2.2 | 3.00 | 33.00 | 36.00 | OK | |
| r-oldrel-macos-x86_64 | 1.2.2 | 6.00 | 50.00 | 56.00 | OK | |
| r-oldrel-windows-x86_64 | 1.2.2 | 12.00 | 95.00 | 107.00 | OK | 
Version: 1.2.2
Check: CRAN incoming feasibility
Result: NOTE
  Maintainer: ‘Sanjeev Sariya <sanjeevsariya@gmail.com>’
  
  Package CITATION file contains call(s) to old-style citEntry().  Please
  use bibentry() instead.
Flavors: r-devel-linux-x86_64-debian-clang, r-devel-linux-x86_64-debian-gcc