Last updated on 2025-11-04 11:52:31 CET.
| Flavor | Version | Tinstall | Tcheck | Ttotal | Status | Flags | 
|---|---|---|---|---|---|---|
| r-devel-linux-x86_64-debian-clang | 0.1.0 | 2.18 | 60.14 | 62.32 | NOTE | |
| r-devel-linux-x86_64-debian-gcc | 0.1.0 | 1.37 | 41.96 | 43.33 | NOTE | |
| r-devel-linux-x86_64-fedora-clang | 0.1.0 | 95.26 | OK | |||
| r-devel-linux-x86_64-fedora-gcc | 0.1.0 | 106.52 | OK | |||
| r-devel-windows-x86_64 | 0.1.0 | 4.00 | 71.00 | 75.00 | OK | |
| r-patched-linux-x86_64 | 0.1.0 | 2.00 | 58.53 | 60.53 | OK | |
| r-release-linux-x86_64 | 0.1.0 | 1.88 | 55.22 | 57.10 | OK | |
| r-release-macos-arm64 | 0.1.0 | 1.00 | 37.00 | 38.00 | OK | |
| r-release-macos-x86_64 | 0.1.0 | 3.00 | 74.00 | 77.00 | OK | |
| r-release-windows-x86_64 | 0.1.0 | 4.00 | 68.00 | 72.00 | OK | |
| r-oldrel-macos-arm64 | 0.1.0 | 1.00 | 32.00 | 33.00 | OK | |
| r-oldrel-macos-x86_64 | 0.1.0 | 3.00 | 57.00 | 60.00 | OK | |
| r-oldrel-windows-x86_64 | 0.1.0 | 4.00 | 81.00 | 85.00 | OK | 
Version: 0.1.0
Check: CRAN incoming feasibility
Result: NOTE
  Maintainer: ‘Xinyu Song <song.xinyu@mail.shufe.edu.cn>’
  
  No Authors@R field in DESCRIPTION.
  Please add one, modifying
    Authors@R: person(given = "Xinyu",
                      family = "Song",
                      role = c("aut", "cre"),
                      email = "song.xinyu@mail.shufe.edu.cn")
  as necessary.
Flavors: r-devel-linux-x86_64-debian-clang, r-devel-linux-x86_64-debian-gcc