Last updated on 2025-11-04 11:52:31 CET.
| Flavor | Version | Tinstall | Tcheck | Ttotal | Status | Flags | 
|---|---|---|---|---|---|---|
| r-devel-linux-x86_64-debian-clang | 2.3.2 | 9.05 | 66.11 | 75.16 | NOTE | |
| r-devel-linux-x86_64-debian-gcc | 2.3.2 | 5.48 | 45.51 | 50.99 | NOTE | |
| r-devel-linux-x86_64-fedora-clang | 2.3.2 | 22.00 | 87.82 | 109.82 | NOTE | |
| r-devel-linux-x86_64-fedora-gcc | 2.3.2 | 15.00 | 87.32 | 102.32 | NOTE | |
| r-devel-windows-x86_64 | 2.3.2 | 10.00 | 84.00 | 94.00 | NOTE | |
| r-patched-linux-x86_64 | 2.3.2 | 7.50 | 62.78 | 70.28 | NOTE | |
| r-release-linux-x86_64 | 2.3.2 | 8.57 | 62.20 | 70.77 | NOTE | |
| r-release-macos-arm64 | 2.3.2 | 4.00 | 33.00 | 37.00 | NOTE | |
| r-release-macos-x86_64 | 2.3.2 | 9.00 | 64.00 | 73.00 | NOTE | |
| r-release-windows-x86_64 | 2.3.2 | 10.00 | 80.00 | 90.00 | NOTE | |
| r-oldrel-macos-arm64 | 2.3.2 | 3.00 | 27.00 | 30.00 | NOTE | |
| r-oldrel-macos-x86_64 | 2.3.2 | 6.00 | 44.00 | 50.00 | NOTE | |
| r-oldrel-windows-x86_64 | 2.3.2 | 13.00 | 100.00 | 113.00 | NOTE | 
Version: 2.3.2
Check: Rd files
Result: NOTE
  checkRd: (-1) genmf.Rd:26: Lost braces; missing escapes or markup?
      26 | \item 'gbellmf' is c(\code{a, b, c}), where \code{a} denotes the width, \code{b} is usually positive and {c} locates the center of the curve.
         |                                                                                                          ^
Flavors: r-devel-linux-x86_64-debian-clang, r-devel-linux-x86_64-debian-gcc, r-devel-linux-x86_64-fedora-clang, r-devel-linux-x86_64-fedora-gcc, r-devel-windows-x86_64, r-patched-linux-x86_64, r-release-linux-x86_64, r-release-macos-arm64, r-release-macos-x86_64, r-release-windows-x86_64, r-oldrel-macos-arm64, r-oldrel-macos-x86_64, r-oldrel-windows-x86_64