CRAN Package Check Results for Package FuncNN

Last updated on 2025-11-03 17:49:50 CET.

Flavor Version Tinstall Tcheck Ttotal Status Flags
r-devel-linux-x86_64-debian-clang 1.0 20.17 141.82 161.99 NOTE
r-devel-linux-x86_64-debian-gcc 1.0 13.67 105.70 119.37 NOTE
r-devel-linux-x86_64-fedora-clang 1.0 41.00 210.09 251.09 NOTE
r-devel-linux-x86_64-fedora-gcc 1.0 40.00 189.68 229.68 NOTE
r-devel-windows-x86_64 1.0 21.00 131.00 152.00 OK
r-patched-linux-x86_64 1.0 17.55 132.15 149.70 OK
r-release-linux-x86_64 1.0 17.16 132.80 149.96 OK
r-release-macos-arm64 1.0 8.00 53.00 61.00 OK
r-release-macos-x86_64 1.0 15.00 94.00 109.00 OK
r-release-windows-x86_64 1.0 22.00 130.00 152.00 OK
r-oldrel-macos-arm64 1.0 8.00 50.00 58.00 OK
r-oldrel-macos-x86_64 1.0 11.00 75.00 86.00 OK
r-oldrel-windows-x86_64 1.0 28.00 179.00 207.00 OK

Additional issues

donttest

Check Details

Version: 1.0
Check: CRAN incoming feasibility
Result: NOTE Maintainer: ‘Barinder Thind <barinder.thi@gmail.com>’ Package CITATION file contains call(s) to old-style personList() or as.personList(). Please use c() on person objects instead. Package CITATION file contains call(s) to old-style citEntry(). Please use bibentry() instead. The Description field contains discussion found in Thind, Multani and Cao (2020) <arXiv:2006.09590> Please refer to arXiv e-prints via their arXiv DOI <doi:10.48550/arXiv.YYMM.NNNNN>. Flavors: r-devel-linux-x86_64-debian-clang, r-devel-linux-x86_64-debian-gcc

Version: 1.0
Check: dependencies in R code
Result: NOTE Namespace in Imports field not imported from: ‘foreach’ All declared Imports should be used. Flavors: r-devel-linux-x86_64-fedora-clang, r-devel-linux-x86_64-fedora-gcc

mirror server hosted at Truenetwork, Russian Federation.