CRAN Package Check Results for Package ForecastingEnsembles

Last updated on 2025-07-11 18:52:17 CEST.

Flavor Version Tinstall Tcheck Ttotal Status Flags
r-devel-linux-x86_64-debian-clang 0.5.0 11.46 77.41 88.87 OK
r-devel-linux-x86_64-debian-gcc 0.5.0 7.64 53.99 61.63 OK
r-devel-linux-x86_64-fedora-clang 0.5.0 144.50 OK
r-devel-linux-x86_64-fedora-gcc 0.5.0 136.16 OK
r-devel-windows-x86_64 0.5.0 13.00 82.00 95.00 OK
r-patched-linux-x86_64 0.5.0 12.93 69.98 82.91 OK
r-release-linux-x86_64 0.5.0 11.84 69.57 81.41 OK
r-release-macos-arm64 0.5.0 44.00 OK
r-release-macos-x86_64 0.5.0 90.00 OK
r-release-windows-x86_64 0.5.0 14.00 83.00 97.00 OK
r-oldrel-macos-arm64 0.5.0 48.00 NOTE
r-oldrel-macos-x86_64 0.5.0 103.00 NOTE
r-oldrel-windows-x86_64 0.5.0 18.00 104.00 122.00 NOTE

Check Details

Version: 0.5.0
Check: package dependencies
Result: NOTE Depends: includes the non-default packages: 'doParallel', 'dplyr', 'fable', 'fabletools', 'fable.prophet', 'feasts', 'fracdiff', 'ggplot2', 'gt', 'magrittr', 'parallel', 'readr', 'tibble', 'tidyr', 'tsibble', 'urca' Adding so many packages to the search path is excessive and importing selectively is preferable. Flavors: r-oldrel-macos-arm64, r-oldrel-macos-x86_64, r-oldrel-windows-x86_64

mirror server hosted at Truenetwork, Russian Federation.