Last updated on 2025-05-22 12:50:00 CEST.
Flavor | Version | Tinstall | Tcheck | Ttotal | Status | Flags |
---|---|---|---|---|---|---|
r-devel-linux-x86_64-debian-clang | 1.1 | 7.52 | 58.63 | 66.15 | NOTE | |
r-devel-linux-x86_64-debian-gcc | 1.1 | 4.96 | 45.70 | 50.66 | NOTE | |
r-devel-linux-x86_64-fedora-clang | 1.1 | 99.30 | OK | |||
r-devel-linux-x86_64-fedora-gcc | 1.1 | 98.53 | OK | |||
r-devel-windows-x86_64 | 1.1 | 8.00 | 82.00 | 90.00 | OK | |
r-patched-linux-x86_64 | 1.1 | 6.52 | 56.46 | 62.98 | OK | |
r-release-linux-x86_64 | 1.1 | 6.64 | 56.59 | 63.23 | OK | |
r-release-macos-arm64 | 1.1 | 37.00 | OK | |||
r-release-macos-x86_64 | 1.1 | 65.00 | OK | |||
r-release-windows-x86_64 | 1.1 | 8.00 | 95.00 | 103.00 | OK | |
r-oldrel-macos-arm64 | 1.1 | 29.00 | OK | |||
r-oldrel-macos-x86_64 | 1.1 | 46.00 | OK | |||
r-oldrel-windows-x86_64 | 1.1 | 11.00 | 83.00 | 94.00 | OK |
Version: 1.1
Check: CRAN incoming feasibility
Result: NOTE
Maintainer: ‘Eran Raviv <eeraviv@gmail.com>’
No Authors@R field in DESCRIPTION.
Please add one, modifying
Authors@R: person(given = "Eran",
family = "Raviv",
role = c("aut", "cre"),
email = "eeraviv@gmail.com")
as necessary.
Flavors: r-devel-linux-x86_64-debian-clang, r-devel-linux-x86_64-debian-gcc