Last updated on 2025-02-22 11:51:27 CET.
Flavor | Version | Tinstall | Tcheck | Ttotal | Status | Flags |
---|---|---|---|---|---|---|
r-devel-linux-x86_64-debian-clang | 0.2.2 | 19.00 | 54.19 | 73.19 | OK | |
r-devel-linux-x86_64-debian-gcc | 0.2.2 | 14.80 | 37.75 | 52.55 | OK | |
r-devel-linux-x86_64-fedora-clang | 0.2.2 | 134.37 | NOTE | |||
r-devel-linux-x86_64-fedora-gcc | 0.2.2 | 139.11 | NOTE | |||
r-devel-macos-arm64 | 0.2.2 | 45.00 | OK | |||
r-devel-macos-x86_64 | 0.2.2 | 103.00 | OK | |||
r-devel-windows-x86_64 | 0.2.2 | 26.00 | 86.00 | 112.00 | OK | |
r-patched-linux-x86_64 | 0.2.2 | 21.22 | 51.89 | 73.11 | OK | |
r-release-linux-x86_64 | 0.2.2 | 19.24 | 52.15 | 71.39 | OK | |
r-release-macos-arm64 | 0.2.2 | 40.00 | OK | |||
r-release-macos-x86_64 | 0.2.2 | 68.00 | OK | |||
r-release-windows-x86_64 | 0.2.2 | 28.00 | 84.00 | 112.00 | OK | |
r-oldrel-macos-arm64 | 0.2.2 | 48.00 | OK | |||
r-oldrel-macos-x86_64 | 0.2.2 | 81.00 | OK | |||
r-oldrel-windows-x86_64 | 0.2.2 | 31.00 | 105.00 | 136.00 | OK |
Version: 0.2.2
Check: dependencies in R code
Result: NOTE
Namespaces in Imports field not imported from:
‘kableExtra’ ‘knitr’ ‘rmarkdown’
All declared Imports should be used.
Flavors: r-devel-linux-x86_64-fedora-clang, r-devel-linux-x86_64-fedora-gcc