Last updated on 2025-11-04 05:51:11 CET.
| Flavor | Version | Tinstall | Tcheck | Ttotal | Status | Flags | 
|---|---|---|---|---|---|---|
| r-devel-linux-x86_64-debian-clang | 1.4.1 | 1204.80 | 189.68 | 1394.48 | OK | |
| r-devel-linux-x86_64-debian-gcc | 1.4.1 | 1020.87 | 222.60 | 1243.47 | OK | |
| r-devel-windows-x86_64 | 1.4.1 | 1357.00 | 292.00 | 1649.00 | OK | |
| r-patched-linux-x86_64 | 1.4.1 | 1452.16 | 307.62 | 1759.78 | OK | |
| r-release-linux-x86_64 | 1.4.1 | 1471.31 | 310.10 | 1781.41 | OK | |
| r-release-macos-arm64 | 1.4.1 | 525.00 | 64.00 | 589.00 | OK | |
| r-release-macos-x86_64 | 1.4.1 | 397.00 | 98.00 | 495.00 | OK | |
| r-release-windows-x86_64 | 1.4.1 | 1384.00 | 293.00 | 1677.00 | OK | |
| r-oldrel-macos-arm64 | 1.4.1 | 499.00 | 63.00 | 562.00 | NOTE | |
| r-oldrel-macos-x86_64 | 1.4.1 | 395.00 | 146.00 | 541.00 | NOTE | |
| r-oldrel-windows-x86_64 | 1.4.1 | 1526.00 | 374.00 | 1900.00 | NOTE | 
Version: 1.4.1
Check: installed package size
Result: NOTE
    installed size is 151.6Mb
    sub-directories of 1Mb or more:
      libs  150.8Mb
Flavors: r-oldrel-macos-arm64, r-oldrel-macos-x86_64, r-oldrel-windows-x86_64
Version: 1.4.1
Check: for GNU extensions in Makefiles
Result: NOTE
  GNU make is a SystemRequirements.
Flavors: r-oldrel-macos-arm64, r-oldrel-macos-x86_64