Last updated on 2025-11-04 11:52:30 CET.
| Flavor | Version | Tinstall | Tcheck | Ttotal | Status | Flags | 
|---|---|---|---|---|---|---|
| r-devel-linux-x86_64-debian-clang | 0.1.2 | 2.16 | 27.04 | 29.20 | NOTE | |
| r-devel-linux-x86_64-debian-gcc | 0.1.2 | 1.73 | 20.37 | 22.10 | NOTE | |
| r-devel-linux-x86_64-fedora-clang | 0.1.2 | 44.91 | OK | |||
| r-devel-linux-x86_64-fedora-gcc | 0.1.2 | 43.39 | OK | |||
| r-devel-windows-x86_64 | 0.1.2 | 3.00 | 46.00 | 49.00 | OK | |
| r-patched-linux-x86_64 | 0.1.2 | 2.49 | 25.58 | 28.07 | OK | |
| r-release-linux-x86_64 | 0.1.2 | 2.10 | 25.43 | 27.53 | OK | |
| r-release-macos-arm64 | 0.1.2 | 1.00 | 17.00 | 18.00 | OK | |
| r-release-macos-x86_64 | 0.1.2 | 2.00 | 25.00 | 27.00 | OK | |
| r-release-windows-x86_64 | 0.1.2 | 4.00 | 44.00 | 48.00 | OK | |
| r-oldrel-macos-arm64 | 0.1.2 | 1.00 | 15.00 | 16.00 | NOTE | |
| r-oldrel-macos-x86_64 | 0.1.2 | 2.00 | 21.00 | 23.00 | NOTE | |
| r-oldrel-windows-x86_64 | 0.1.2 | 4.00 | 53.00 | 57.00 | NOTE | 
Version: 0.1.2
Check: CRAN incoming feasibility
Result: NOTE
  Maintainer: ‘Yalin Zhu <yalin.zhu@outlook.com>’
  
  No Authors@R field in DESCRIPTION.
  Please add one, modifying
    Authors@R: c(person(given = "Yalin",
                        family = "Zhu",
                        role = c("aut", "cre"),
                        email = "yalin.zhu@outlook.com"),
                 person(given = "Wenge",
                        family = "Guo",
                        role = "aut"))
  as necessary.
Flavors: r-devel-linux-x86_64-debian-clang, r-devel-linux-x86_64-debian-gcc
Version: 0.1.2
Check: LazyData
Result: NOTE
    'LazyData' is specified without a 'data' directory
Flavors: r-oldrel-macos-arm64, r-oldrel-macos-x86_64, r-oldrel-windows-x86_64