CRAN Package Check Results for Package FisPro

Last updated on 2025-07-13 06:48:24 CEST.

Flavor Version Tinstall Tcheck Ttotal Status Flags
r-devel-linux-x86_64-debian-clang 1.1.4 130.59 77.38 207.97 OK
r-devel-linux-x86_64-debian-gcc 1.1.4 120.68 54.89 175.57 OK
r-devel-linux-x86_64-fedora-clang 1.1.4 404.93 OK
r-devel-linux-x86_64-fedora-gcc 1.1.4 449.85 OK
r-devel-windows-x86_64 1.1.4 176.00 128.00 304.00 OK
r-patched-linux-x86_64 1.1.4 166.48 75.87 242.35 OK
r-release-linux-x86_64 1.1.4 168.30 74.71 243.01 OK
r-release-macos-arm64 1.1.4 106.00 OK
r-release-macos-x86_64 1.1.4 135.00 OK
r-release-windows-x86_64 1.1.4 179.00 126.00 305.00 OK
r-oldrel-macos-arm64 1.1.4 97.00 NOTE
r-oldrel-macos-x86_64 1.1.4 107.00 NOTE
r-oldrel-windows-x86_64 1.1.4 212.00 158.00 370.00 NOTE

Check Details

Version: 1.1.4
Check: installed package size
Result: NOTE installed size is 29.9Mb sub-directories of 1Mb or more: lib 10.6Mb libs 18.9Mb Flavors: r-oldrel-macos-arm64, r-oldrel-macos-x86_64, r-oldrel-windows-x86_64

mirror server hosted at Truenetwork, Russian Federation.