CRAN Package Check Results for Package FertBoot

Last updated on 2025-02-22 17:49:44 CET.

Flavor Version Tinstall Tcheck Ttotal Status Flags
r-devel-linux-x86_64-debian-clang 0.5.0 2.00 20.78 22.78 OK
r-devel-linux-x86_64-debian-gcc 0.5.0 1.68 16.28 17.96 OK
r-devel-linux-x86_64-fedora-clang 0.5.0 36.73 OK
r-devel-linux-x86_64-fedora-gcc 0.5.0 35.15 OK
r-devel-macos-arm64 0.5.0 17.00 OK
r-devel-macos-x86_64 0.5.0 27.00 OK
r-devel-windows-x86_64 0.5.0 4.00 43.00 47.00 OK
r-patched-linux-x86_64 0.5.0 2.26 20.12 22.38 NOTE
r-release-linux-x86_64 0.5.0 2.14 19.96 22.10 NOTE
r-release-macos-arm64 0.5.0 16.00 NOTE
r-release-macos-x86_64 0.5.0 24.00 NOTE
r-release-windows-x86_64 0.5.0 4.00 43.00 47.00 NOTE
r-oldrel-macos-arm64 0.5.0 18.00 NOTE
r-oldrel-macos-x86_64 0.5.0 21.00 NOTE
r-oldrel-windows-x86_64 0.5.0 4.00 46.00 50.00 NOTE

Check Details

Version: 0.5.0
Check: LazyData
Result: NOTE 'LazyData' is specified without a 'data' directory Flavors: r-patched-linux-x86_64, r-release-linux-x86_64, r-release-macos-arm64, r-release-macos-x86_64, r-release-windows-x86_64, r-oldrel-macos-arm64, r-oldrel-macos-x86_64, r-oldrel-windows-x86_64

mirror server hosted at Truenetwork, Russian Federation.