Last updated on 2025-11-04 05:51:11 CET.
| Flavor | Version | Tinstall | Tcheck | Ttotal | Status | Flags | 
|---|---|---|---|---|---|---|
| r-devel-linux-x86_64-debian-clang | 0.1 | 6.36 | 64.25 | 70.61 | NOTE | |
| r-devel-linux-x86_64-debian-gcc | 0.1 | 5.74 | 50.68 | 56.42 | NOTE | |
| r-devel-linux-x86_64-fedora-clang | 0.1 | 16.00 | 92.61 | 108.61 | OK | |
| r-devel-linux-x86_64-fedora-gcc | 0.1 | 14.00 | 89.29 | 103.29 | OK | |
| r-devel-windows-x86_64 | 0.1 | 28.00 | 74.00 | 102.00 | OK | |
| r-patched-linux-x86_64 | 0.1 | 6.85 | 62.13 | 68.98 | OK | |
| r-release-linux-x86_64 | 0.1 | 7.72 | 61.65 | 69.37 | OK | |
| r-release-macos-arm64 | 0.1 | 4.00 | 33.00 | 37.00 | OK | |
| r-release-macos-x86_64 | 0.1 | 6.00 | 55.00 | 61.00 | OK | |
| r-release-windows-x86_64 | 0.1 | 8.00 | 70.00 | 78.00 | OK | |
| r-oldrel-macos-arm64 | 0.1 | 3.00 | 31.00 | 34.00 | OK | |
| r-oldrel-macos-x86_64 | 0.1 | 5.00 | 48.00 | 53.00 | OK | |
| r-oldrel-windows-x86_64 | 0.1 | 11.00 | 89.00 | 100.00 | OK | 
Version: 0.1
Check: CRAN incoming feasibility
Result: NOTE
  Maintainer: ‘Zihuai He <zihuai@umich.edu>’
  
  No Authors@R field in DESCRIPTION.
  Please add one, modifying
    Authors@R: person(given = "Zihuai",
                      family = "He",
                      role = c("aut", "cre"),
                      email = "zihuai@umich.edu")
  as necessary.
Flavors: r-devel-linux-x86_64-debian-clang, r-devel-linux-x86_64-debian-gcc