CRAN Package Check Results for Package FSK2R

Last updated on 2025-07-13 18:52:44 CEST.

Flavor Version Tinstall Tcheck Ttotal Status Flags
r-devel-linux-x86_64-debian-clang 0.1.3 7.30 73.90 81.20 NOTE
r-devel-linux-x86_64-debian-gcc 0.1.3 5.26 55.27 60.53 NOTE
r-devel-linux-x86_64-fedora-clang 0.1.3 126.80 OK
r-devel-linux-x86_64-fedora-gcc 0.1.3 133.13 OK
r-devel-windows-x86_64 0.1.3 10.00 95.00 105.00 OK
r-patched-linux-x86_64 0.1.3 8.12 67.31 75.43 OK
r-release-linux-x86_64 0.1.3 7.37 66.29 73.66 OK
r-release-macos-arm64 0.1.3 80.00 OK
r-release-macos-x86_64 0.1.3 87.00 OK
r-release-windows-x86_64 0.1.3 10.00 93.00 103.00 OK
r-oldrel-macos-arm64 0.1.3 45.00 OK
r-oldrel-macos-x86_64 0.1.3 123.00 OK
r-oldrel-windows-x86_64 0.1.3 13.00 114.00 127.00 OK

Check Details

Version: 0.1.3
Check: CRAN incoming feasibility
Result: NOTE Maintainer: ‘Alberto Garre <garre.alberto@gmail.com>’ Package CITATION file contains call(s) to old-style citEntry(). Please use bibentry() instead. Flavors: r-devel-linux-x86_64-debian-clang, r-devel-linux-x86_64-debian-gcc

mirror server hosted at Truenetwork, Russian Federation.