Last updated on 2025-11-04 05:51:11 CET.
| Flavor | Version | Tinstall | Tcheck | Ttotal | Status | Flags | 
|---|---|---|---|---|---|---|
| r-devel-linux-x86_64-debian-clang | 0.1-4 | 3.80 | 25.51 | 29.31 | NOTE | |
| r-devel-linux-x86_64-debian-gcc | 0.1-4 | 2.85 | 20.26 | 23.11 | NOTE | |
| r-devel-linux-x86_64-fedora-clang | 0.1-4 | 43.98 | NOTE | |||
| r-devel-linux-x86_64-fedora-gcc | 0.1-4 | 41.52 | NOTE | |||
| r-devel-windows-x86_64 | 0.1-4 | 8.00 | 42.00 | 50.00 | NOTE | |
| r-patched-linux-x86_64 | 0.1-4 | 3.69 | 24.45 | 28.14 | NOTE | |
| r-release-linux-x86_64 | 0.1-4 | 3.94 | 24.50 | 28.44 | NOTE | |
| r-release-macos-arm64 | 0.1-4 | 3.00 | 15.00 | 18.00 | NOTE | |
| r-release-macos-x86_64 | 0.1-4 | 5.00 | 23.00 | 28.00 | NOTE | |
| r-release-windows-x86_64 | 0.1-4 | 7.00 | 41.00 | 48.00 | NOTE | |
| r-oldrel-macos-arm64 | 0.1-4 | 3.00 | 14.00 | 17.00 | NOTE | |
| r-oldrel-macos-x86_64 | 0.1-4 | 6.00 | 30.00 | 36.00 | NOTE | |
| r-oldrel-windows-x86_64 | 0.1-4 | 7.00 | 43.00 | 50.00 | NOTE | 
Version: 0.1-4
Check: CRAN incoming feasibility
Result: NOTE
  Maintainer: ‘Daniel Wilson <hmp.R.package@gmail.com>’
  
  No Authors@R field in DESCRIPTION.
  Please add one, modifying
    Authors@R: c(person(given = "Geoff",
                        family = "Robinson",
                        role = "aut"),
                 person(given = "Daniel",
                        family = "Wilson",
                        role = "cre",
                        email = "hmp.R.package@gmail.com"))
  as necessary.
Flavors: r-devel-linux-x86_64-debian-clang, r-devel-linux-x86_64-debian-gcc
Version: 0.1-4
Check: Rd files
Result: NOTE
  checkRd: (-1) Estable.Rd:40: Lost braces
      40 |   \code{dEstable}{ gives the density function;}
         |                  ^
  checkRd: (-1) Estable.Rd:41: Lost braces
      41 |   \code{pEstable}{ gives the distribution function or its complement;}
         |                  ^
  checkRd: (-1) Estable.Rd:42: Lost braces
      42 |   \code{qEstable}{ gives quantiles;}
         |                  ^
  checkRd: (-1) Estable.Rd:43-56: Lost braces
      43 |   \code{tailsEstable}{ returns a list with the following components
         |                      ^
  checkRd: (-1) FMstable.Rd:50: Lost braces
      50 |   \code{dFMstable}{ gives the density function;}
         |                   ^
  checkRd: (-1) FMstable.Rd:51: Lost braces
      51 |   \code{pFMstable}{ gives the distribution function or its complement;}
         |                   ^
  checkRd: (-1) FMstable.Rd:52: Lost braces
      52 |   \code{qFMstable}{ gives quantiles;}
         |                   ^
  checkRd: (-1) FMstable.Rd:53-66: Lost braces
      53 |   \code{tailsFMstable}{  returns a list with the following components
         |                       ^
Flavors: r-devel-linux-x86_64-debian-clang, r-devel-linux-x86_64-debian-gcc, r-devel-linux-x86_64-fedora-clang, r-devel-linux-x86_64-fedora-gcc, r-devel-windows-x86_64, r-patched-linux-x86_64, r-release-linux-x86_64, r-release-macos-arm64, r-release-macos-x86_64, r-release-windows-x86_64, r-oldrel-macos-arm64, r-oldrel-macos-x86_64, r-oldrel-windows-x86_64