Last updated on 2025-11-04 13:50:14 CET.
| Flavor | Version | Tinstall | Tcheck | Ttotal | Status | Flags |
|---|---|---|---|---|---|---|
| r-devel-linux-x86_64-debian-clang | 0.0.6 | 29.74 | 82.29 | 112.03 | NOTE | |
| r-devel-linux-x86_64-debian-gcc | 0.0.6 | 25.34 | 58.93 | 84.27 | NOTE | |
| r-devel-linux-x86_64-fedora-clang | 0.0.6 | 63.00 | 132.41 | 195.41 | NOTE | |
| r-devel-linux-x86_64-fedora-gcc | 0.0.6 | 70.00 | 153.15 | 223.15 | NOTE | |
| r-devel-windows-x86_64 | 0.0.6 | 38.00 | 116.00 | 154.00 | NOTE | |
| r-patched-linux-x86_64 | 0.0.6 | 36.20 | 85.57 | 121.77 | NOTE | |
| r-release-linux-x86_64 | 0.0.6 | 28.86 | 79.76 | 108.62 | NOTE | |
| r-release-macos-arm64 | 0.0.6 | 12.00 | 44.00 | 56.00 | NOTE | |
| r-release-macos-x86_64 | 0.0.6 | 26.00 | 82.00 | 108.00 | NOTE | |
| r-release-windows-x86_64 | 0.0.6 | 34.00 | 115.00 | 149.00 | NOTE | |
| r-oldrel-macos-arm64 | 0.0.6 | 13.00 | 42.00 | 55.00 | NOTE | |
| r-oldrel-macos-x86_64 | 0.0.6 | 22.00 | 76.00 | 98.00 | NOTE | |
| r-oldrel-windows-x86_64 | 0.0.6 | 42.00 | 146.00 | 188.00 | NOTE |
Version: 0.0.6
Check: C++ specification
Result: NOTE
Specified C++11: please drop specification unless essential
Flavors: r-devel-linux-x86_64-debian-clang, r-devel-linux-x86_64-debian-gcc, r-devel-linux-x86_64-fedora-clang, r-devel-linux-x86_64-fedora-gcc, r-devel-windows-x86_64, r-patched-linux-x86_64, r-release-linux-x86_64, r-release-macos-arm64, r-release-macos-x86_64, r-release-windows-x86_64, r-oldrel-macos-arm64, r-oldrel-macos-x86_64, r-oldrel-windows-x86_64
Version: 0.0.6
Check: dependencies in R code
Result: NOTE
Namespaces in Imports field not imported from:
‘MASS’ ‘XML’ ‘gglasso’ ‘methods’
All declared Imports should be used.
Flavors: r-devel-linux-x86_64-fedora-clang, r-devel-linux-x86_64-fedora-gcc
Version: 0.0.6
Check: installed package size
Result: NOTE
installed size is 12.5Mb
sub-directories of 1Mb or more:
libs 11.5Mb
Flavors: r-oldrel-macos-arm64, r-oldrel-macos-x86_64
Version: 0.0.6
Check: LazyData
Result: NOTE
'LazyData' is specified without a 'data' directory
Flavors: r-oldrel-macos-arm64, r-oldrel-macos-x86_64, r-oldrel-windows-x86_64