Last updated on 2025-05-22 06:51:45 CEST.
Flavor | Version | Tinstall | Tcheck | Ttotal | Status | Flags |
---|---|---|---|---|---|---|
r-devel-linux-x86_64-debian-clang | 0.1.0 | 33.76 | 291.17 | 324.93 | NOTE | |
r-devel-linux-x86_64-debian-gcc | 0.1.0 | 23.74 | 264.67 | 288.41 | NOTE | |
r-devel-linux-x86_64-fedora-clang | 0.1.0 | 411.39 | NOTE | |||
r-devel-linux-x86_64-fedora-gcc | 0.1.0 | 683.09 | NOTE | |||
r-devel-windows-x86_64 | 0.1.0 | 40.00 | 234.00 | 274.00 | NOTE | |
r-patched-linux-x86_64 | 0.1.0 | 35.02 | 476.12 | 511.14 | NOTE | |
r-release-linux-x86_64 | 0.1.0 | 33.87 | 442.75 | 476.62 | NOTE | |
r-release-macos-arm64 | 0.1.0 | 148.00 | NOTE | |||
r-release-macos-x86_64 | 0.1.0 | 277.00 | NOTE | |||
r-release-windows-x86_64 | 0.1.0 | 40.00 | 239.00 | 279.00 | NOTE | |
r-oldrel-macos-arm64 | 0.1.0 | 148.00 | NOTE | |||
r-oldrel-macos-x86_64 | 0.1.0 | 187.00 | NOTE | |||
r-oldrel-windows-x86_64 | 0.1.0 | 46.00 | 292.00 | 338.00 | NOTE |
Version: 0.1.0
Check: C++ specification
Result: NOTE
Specified C++11: please drop specification unless essential
Flavors: r-devel-linux-x86_64-debian-clang, r-devel-linux-x86_64-debian-gcc, r-devel-linux-x86_64-fedora-clang, r-devel-linux-x86_64-fedora-gcc, r-devel-windows-x86_64, r-patched-linux-x86_64, r-release-linux-x86_64, r-release-macos-arm64, r-release-macos-x86_64, r-release-windows-x86_64, r-oldrel-macos-arm64, r-oldrel-macos-x86_64, r-oldrel-windows-x86_64