Last updated on 2025-11-04 11:52:30 CET.
| Flavor | Version | Tinstall | Tcheck | Ttotal | Status | Flags | 
|---|---|---|---|---|---|---|
| r-devel-linux-x86_64-debian-clang | 0.1.4 | 5.14 | 132.77 | 137.91 | NOTE | |
| r-devel-linux-x86_64-debian-gcc | 0.1.4 | 3.49 | 85.76 | 89.25 | NOTE | |
| r-devel-linux-x86_64-fedora-clang | 0.1.4 | 11.00 | 210.94 | 221.94 | OK | |
| r-devel-linux-x86_64-fedora-gcc | 0.1.4 | 11.00 | 207.86 | 218.86 | OK | |
| r-devel-windows-x86_64 | 0.1.4 | 8.00 | 148.00 | 156.00 | OK | |
| r-patched-linux-x86_64 | 0.1.4 | 5.47 | 129.65 | 135.12 | OK | |
| r-release-linux-x86_64 | 0.1.4 | 4.47 | 129.47 | 133.94 | OK | |
| r-release-macos-arm64 | 0.1.4 | 3.00 | 67.00 | 70.00 | OK | |
| r-release-macos-x86_64 | 0.1.4 | 6.00 | 149.00 | 155.00 | OK | |
| r-release-windows-x86_64 | 0.1.4 | 6.00 | 143.00 | 149.00 | OK | |
| r-oldrel-macos-arm64 | 0.1.4 | 2.00 | 60.00 | 62.00 | OK | |
| r-oldrel-macos-x86_64 | 0.1.4 | 3.00 | 110.00 | 113.00 | OK | |
| r-oldrel-windows-x86_64 | 0.1.4 | 7.00 | 199.00 | 206.00 | OK | 
Version: 0.1.4
Check: CRAN incoming feasibility
Result: NOTE
  Maintainer: ‘Lealand Morin <lealand.morin@ucf.edu>’
  
  Package CITATION file contains call(s) to old-style citEntry().  Please
  use bibentry() instead.
Flavors: r-devel-linux-x86_64-debian-clang, r-devel-linux-x86_64-debian-gcc