Last updated on 2025-07-11 18:52:17 CEST.
Flavor | Version | Tinstall | Tcheck | Ttotal | Status | Flags |
---|---|---|---|---|---|---|
r-devel-linux-x86_64-debian-clang | 1.1.1 | 15.03 | 123.22 | 138.25 | NOTE | |
r-devel-linux-x86_64-debian-gcc | 1.1.1 | 10.10 | 87.39 | 97.49 | NOTE | |
r-devel-linux-x86_64-fedora-clang | 1.1.1 | 213.38 | NOTE | |||
r-devel-linux-x86_64-fedora-gcc | 1.1.1 | 204.86 | NOTE | |||
r-devel-windows-x86_64 | 1.1.1 | 15.00 | 112.00 | 127.00 | NOTE | |
r-patched-linux-x86_64 | 1.1.1 | 13.99 | 120.13 | 134.12 | NOTE | |
r-release-linux-x86_64 | 1.1.1 | 12.96 | 119.92 | 132.88 | NOTE | |
r-release-macos-arm64 | 1.1.1 | 56.00 | NOTE | |||
r-release-macos-x86_64 | 1.1.1 | 123.00 | NOTE | |||
r-release-windows-x86_64 | 1.1.1 | 14.00 | 115.00 | 129.00 | NOTE | |
r-oldrel-macos-arm64 | 1.1.1 | 57.00 | NOTE | |||
r-oldrel-macos-x86_64 | 1.1.1 | 104.00 | NOTE | |||
r-oldrel-windows-x86_64 | 1.1.1 | 20.00 | 154.00 | 174.00 | NOTE |
Version: 1.1.1
Check: Rd files
Result: NOTE
checkRd: (-1) FADPclust.Rd:28: Lost braces in \itemize; \value handles \item{}{} directly
checkRd: (-1) FADPclust.Rd:29: Lost braces in \itemize; \value handles \item{}{} directly
checkRd: (-1) FADPclust.Rd:30: Lost braces in \itemize; \value handles \item{}{} directly
checkRd: (-1) FADPclust.Rd:31: Lost braces in \itemize; \value handles \item{}{} directly
checkRd: (-1) FADPclust.Rd:32: Lost braces in \itemize; \value handles \item{}{} directly
checkRd: (-1) FADPclust.Rd:33: Lost braces in \itemize; \value handles \item{}{} directly
checkRd: (-1) FADPclust.Rd:34: Lost braces in \itemize; \value handles \item{}{} directly
checkRd: (-1) FADPclust.Rd:35: Lost braces in \itemize; \value handles \item{}{} directly
checkRd: (-1) FADPclust.Rd:36: Lost braces in \itemize; \value handles \item{}{} directly
checkRd: (-1) FADPclust.Rd:37: Lost braces in \itemize; \value handles \item{}{} directly
Flavors: r-devel-linux-x86_64-debian-clang, r-devel-linux-x86_64-debian-gcc, r-devel-linux-x86_64-fedora-clang, r-devel-linux-x86_64-fedora-gcc, r-devel-windows-x86_64, r-patched-linux-x86_64, r-release-linux-x86_64, r-release-macos-arm64, r-release-macos-x86_64, r-release-windows-x86_64, r-oldrel-macos-arm64, r-oldrel-macos-x86_64, r-oldrel-windows-x86_64