Last updated on 2025-11-04 11:52:30 CET.
| Flavor | Version | Tinstall | Tcheck | Ttotal | Status | Flags | 
|---|---|---|---|---|---|---|
| r-devel-linux-x86_64-debian-clang | 0.1.7 | 3.25 | 38.88 | 42.13 | NOTE | |
| r-devel-linux-x86_64-debian-gcc | 0.1.7 | 2.30 | 31.07 | 33.37 | NOTE | |
| r-devel-linux-x86_64-fedora-clang | 0.1.7 | 60.40 | OK | |||
| r-devel-linux-x86_64-fedora-gcc | 0.1.7 | 70.95 | OK | |||
| r-devel-windows-x86_64 | 0.1.7 | 4.00 | 76.00 | 80.00 | OK | |
| r-patched-linux-x86_64 | 0.1.7 | 3.49 | 37.25 | 40.74 | OK | |
| r-release-linux-x86_64 | 0.1.7 | 3.05 | 37.15 | 40.20 | OK | |
| r-release-macos-arm64 | 0.1.7 | 1.00 | 28.00 | 29.00 | OK | |
| r-release-macos-x86_64 | 0.1.7 | 3.00 | 52.00 | 55.00 | OK | |
| r-release-windows-x86_64 | 0.1.7 | 5.00 | 75.00 | 80.00 | OK | |
| r-oldrel-macos-arm64 | 0.1.7 | 2.00 | 26.00 | 28.00 | OK | |
| r-oldrel-macos-x86_64 | 0.1.7 | 2.00 | 40.00 | 42.00 | OK | |
| r-oldrel-windows-x86_64 | 0.1.7 | 3.00 | 85.00 | 88.00 | OK | 
Version: 0.1.7
Check: CRAN incoming feasibility
Result: NOTE
  Maintainer: ‘Marek Hlavac <mhlavac@alumni.princeton.edu>’
  
  No Authors@R field in DESCRIPTION.
  Please add one, modifying
    Authors@R: person(given = "Marek",
                      family = "Hlavac",
                      role = c("aut", "cre"),
                      email = "mhlavac@alumni.princeton.edu")
  as necessary.
Flavors: r-devel-linux-x86_64-debian-clang, r-devel-linux-x86_64-debian-gcc