Last updated on 2025-05-27 18:49:49 CEST.
Flavor | Version | Tinstall | Tcheck | Ttotal | Status | Flags |
---|---|---|---|---|---|---|
r-devel-linux-x86_64-debian-clang | 0.1.4 | 2.22 | 27.14 | 29.36 | OK | |
r-devel-linux-x86_64-debian-gcc | 0.1.4 | 2.09 | 20.07 | 22.16 | OK | |
r-devel-linux-x86_64-fedora-clang | 0.1.4 | 49.25 | OK | |||
r-devel-linux-x86_64-fedora-gcc | 0.1.4 | 47.27 | OK | |||
r-devel-windows-x86_64 | 0.1.4 | 3.00 | 54.00 | 57.00 | OK | |
r-patched-linux-x86_64 | 0.1.4 | 3.19 | 24.97 | 28.16 | OK | |
r-release-linux-x86_64 | 0.1.4 | 2.69 | 25.21 | 27.90 | OK | |
r-release-macos-arm64 | 0.1.4 | 19.00 | OK | |||
r-release-macos-x86_64 | 0.1.4 | 32.00 | OK | |||
r-release-windows-x86_64 | 0.1.4 | 3.00 | 54.00 | 57.00 | OK | |
r-oldrel-macos-arm64 | 0.1.4 | 17.00 | NOTE | |||
r-oldrel-macos-x86_64 | 0.1.4 | 26.00 | NOTE | |||
r-oldrel-windows-x86_64 | 0.1.4 | 4.00 | 58.00 | 62.00 | NOTE |
Version: 0.1.4
Check: package dependencies
Result: NOTE
Package suggested but not available for checking: ‘cec2013’
Flavors: r-oldrel-macos-arm64, r-oldrel-macos-x86_64, r-oldrel-windows-x86_64