Last updated on 2025-11-04 13:50:14 CET.
| Flavor | Version | Tinstall | Tcheck | Ttotal | Status | Flags |
|---|---|---|---|---|---|---|
| r-devel-linux-x86_64-debian-clang | 0.1.2 | 11.03 | 90.33 | 101.36 | NOTE | |
| r-devel-linux-x86_64-debian-gcc | 0.1.2 | 7.69 | 64.40 | 72.09 | NOTE | |
| r-devel-linux-x86_64-fedora-clang | 0.1.2 | 25.00 | 133.48 | 158.48 | NOTE | |
| r-devel-linux-x86_64-fedora-gcc | 0.1.2 | 23.00 | 126.09 | 149.09 | NOTE | |
| r-devel-windows-x86_64 | 0.1.2 | 11.00 | 92.00 | 103.00 | NOTE | |
| r-patched-linux-x86_64 | 0.1.2 | 10.17 | 85.31 | 95.48 | OK | |
| r-release-linux-x86_64 | 0.1.2 | 10.55 | 85.45 | 96.00 | OK | |
| r-release-macos-arm64 | 0.1.2 | 4.00 | 34.00 | 38.00 | OK | |
| r-release-macos-x86_64 | 0.1.2 | 8.00 | 68.00 | 76.00 | OK | |
| r-release-windows-x86_64 | 0.1.2 | 11.00 | 92.00 | 103.00 | OK | |
| r-oldrel-macos-arm64 | 0.1.2 | 4.00 | 34.00 | 38.00 | OK | |
| r-oldrel-macos-x86_64 | 0.1.2 | 6.00 | 52.00 | 58.00 | OK | |
| r-oldrel-windows-x86_64 | 0.1.2 | 17.00 | 119.00 | 136.00 | OK |
Version: 0.1.2
Check: Rd files
Result: NOTE
checkRd: (-1) ExpAnalysis3d-package.Rd:10: height/width attributes should be in pixels
Flavors: r-devel-linux-x86_64-debian-clang, r-devel-linux-x86_64-debian-gcc, r-devel-linux-x86_64-fedora-clang, r-devel-linux-x86_64-fedora-gcc, r-devel-windows-x86_64