CRAN Package Check Results for Package ExhaustiveSearch

Last updated on 2025-02-21 17:50:40 CET.

Flavor Version Tinstall Tcheck Ttotal Status Flags
r-devel-linux-x86_64-debian-clang 1.0.1 35.60 23.48 59.08 NOTE
r-devel-linux-x86_64-debian-gcc 1.0.1 24.22 18.93 43.15 NOTE
r-devel-linux-x86_64-fedora-clang 1.0.1 116.71 NOTE
r-devel-linux-x86_64-fedora-gcc 1.0.1 99.57 NOTE
r-devel-macos-arm64 1.0.1 30.00 NOTE
r-devel-macos-x86_64 1.0.1 44.00 NOTE
r-devel-windows-x86_64 1.0.1 39.00 58.00 97.00 NOTE
r-patched-linux-x86_64 1.0.1 33.21 22.45 55.66 NOTE
r-release-linux-x86_64 1.0.1 31.88 22.27 54.15 NOTE
r-release-macos-arm64 1.0.1 31.00 NOTE
r-release-macos-x86_64 1.0.1 44.00 NOTE
r-release-windows-x86_64 1.0.1 40.00 59.00 99.00 NOTE
r-oldrel-macos-arm64 1.0.1 34.00 NOTE
r-oldrel-macos-x86_64 1.0.1 56.00 NOTE
r-oldrel-windows-x86_64 1.0.1 48.00 93.00 141.00 NOTE

Check Details

Version: 1.0.1
Check: C++ specification
Result: NOTE Specified C++11: please drop specification unless essential Flavors: r-devel-linux-x86_64-debian-clang, r-devel-linux-x86_64-debian-gcc, r-devel-linux-x86_64-fedora-clang, r-devel-linux-x86_64-fedora-gcc, r-devel-macos-arm64, r-devel-macos-x86_64, r-devel-windows-x86_64, r-patched-linux-x86_64, r-release-linux-x86_64, r-release-macos-arm64, r-release-macos-x86_64, r-release-windows-x86_64, r-oldrel-macos-arm64, r-oldrel-macos-x86_64, r-oldrel-windows-x86_64

mirror server hosted at Truenetwork, Russian Federation.