CRAN Package Check Results for Package ExcelFunctionsR

Last updated on 2025-05-19 06:49:42 CEST.

Flavor Version Tinstall Tcheck Ttotal Status Flags
r-devel-linux-x86_64-debian-clang 0.1.4 7.92 53.79 61.71 NOTE
r-devel-linux-x86_64-debian-gcc 0.1.4 4.91 38.50 43.41 NOTE
r-devel-linux-x86_64-fedora-clang 0.1.4 96.70 OK
r-devel-linux-x86_64-fedora-gcc 0.1.4 88.87 OK
r-devel-windows-x86_64 0.1.4 9.00 76.00 85.00 OK
r-patched-linux-x86_64 0.1.4 8.03 49.84 57.87 OK
r-release-linux-x86_64 0.1.4 5.56 50.27 55.83 OK
r-release-macos-arm64 0.1.4 28.00 OK
r-release-macos-x86_64 0.1.4 55.00 OK
r-release-windows-x86_64 0.1.4 10.00 85.00 95.00 OK
r-oldrel-macos-arm64 0.1.4 29.00 OK
r-oldrel-macos-x86_64 0.1.4 44.00 OK
r-oldrel-windows-x86_64 0.1.4 12.00 87.00 99.00 OK

Check Details

Version: 0.1.4
Check: CRAN incoming feasibility
Result: NOTE Maintainer: ‘Nika Salia <2001salia@gmail.com>’ No Authors@R field in DESCRIPTION. Please add one, modifying Authors@R: c(person(given = "Irakli", family = "Salia", role = "aut", email = "irakli.salia854@gmail.com"), person(given = "Nika", family = "Salia", role = "cre", email = "2001salia@gmail.com")) as necessary. Flavors: r-devel-linux-x86_64-debian-clang, r-devel-linux-x86_64-debian-gcc

mirror server hosted at Truenetwork, Russian Federation.