CRAN Package Check Results for Package ExactCIdiff

Last updated on 2025-07-13 00:48:25 CEST.

Flavor Version Tinstall Tcheck Ttotal Status Flags
r-devel-linux-x86_64-debian-clang 2.1 3.27 22.29 25.56 NOTE
r-devel-linux-x86_64-debian-gcc 2.1 1.99 17.29 19.28 NOTE
r-devel-linux-x86_64-fedora-clang 2.1 40.00 OK
r-devel-linux-x86_64-fedora-gcc 2.1 36.59 OK
r-devel-windows-x86_64 2.1 4.00 38.00 42.00 OK
r-patched-linux-x86_64 2.1 3.16 20.96 24.12 OK
r-release-linux-x86_64 2.1 3.11 20.66 23.77 OK
r-release-macos-arm64 2.1 16.00 OK
r-release-macos-x86_64 2.1 37.00 OK
r-release-windows-x86_64 2.1 4.00 38.00 42.00 OK
r-oldrel-macos-arm64 2.1 15.00 OK
r-oldrel-macos-x86_64 2.1 31.00 OK
r-oldrel-windows-x86_64 2.1 4.00 38.00 42.00 OK

Check Details

Version: 2.1
Check: CRAN incoming feasibility
Result: NOTE Maintainer: ‘Guogen Shan <gshan@ufl.edu>’ No Authors@R field in DESCRIPTION. Please add one, modifying Authors@R: c(person(given = "Guogen", family = "Shan", role = c("aut", "cre"), email = "gshan@ufl.edu"), person(given = "Weizhen", family = "Wang", role = "aut", email = "weizhen.wang@wright.edu")) as necessary. Flavors: r-devel-linux-x86_64-debian-clang, r-devel-linux-x86_64-debian-gcc

mirror server hosted at Truenetwork, Russian Federation.